{"id":329,"date":"2019-07-07T20:43:36","date_gmt":"2019-07-07T18:43:36","guid":{"rendered":"https:\/\/kulturbau.ch\/ws19\/?page_id=329"},"modified":"2022-09-08T11:41:51","modified_gmt":"2022-09-08T09:41:51","slug":"nachtderkleinkuenste","status":"publish","type":"page","link":"https:\/\/kulturbau.ch\/ws19\/nachtderkleinkuenste\/","title":{"rendered":"NACHTderkleinK\u00dcNSTE"},"content":{"rendered":"<div class=\"fusion-fullwidth fullwidth-box fusion-builder-row-1 nonhundred-percent-fullwidth non-hundred-percent-height-scrolling gradient-container-1\" style=\"--awb-border-radius-top-left:0px;--awb-border-radius-top-right:0px;--awb-border-radius-bottom-right:0px;--awb-border-radius-bottom-left:0px;--awb-flex-wrap:wrap;\" ><div class=\"fusion-builder-row fusion-row\"><div class=\"fusion-layout-column fusion_builder_column fusion-builder-column-0 fusion_builder_column_1_5 1_5 fusion-one-fifth fusion-column-first\" style=\"--awb-bg-blend:overlay;--awb-bg-size:cover;width:20%;width:calc(20% - ( ( 4% ) * 0.2 ) );margin-right: 4%;\"><div class=\"fusion-column-wrapper fusion-column-has-shadow fusion-flex-column-wrapper-legacy\"><a class=\"awb-lightbox awb-lightbox-1\" data-title=\"NACHTderkleinK\u00dcNSTE\" title=\"NACHTderkleinK\u00dcNSTE\" href=\"https:\/\/kulturbau.ch\/ws19\/wp-content\/uploads\/2022\/06\/sujetNddK22-1-724x1024.jpg\" data-caption=\"NACHTderkleinK\u00dcNSTE\" data-rel=\"iLightbox\"><img class=\"lazyload\" decoding=\"async\" src=\"data:image\/gif;base64,R0lGODlhAQABAAAAACH5BAEKAAEALAAAAAABAAEAAAICTAEAOw==\" data-orig-src=\"https:\/\/kulturbau.ch\/ws19\/wp-content\/uploads\/2022\/06\/sujetNddK22-1-212x300.jpg\" alt=\"NACHTderkleinK\u00dcNSTE\"><\/a><div class=\"fusion-text fusion-text-1\"><p><span style=\"color: #ffffff;\">.<\/span><\/p>\n<p><span style=\"color: #ffffff;\"><span style=\"color: rgb(0, 0, 0);\"><b><u>TOUR 2022<\/u><\/b><\/span><\/span><\/p>\n<p><span style=\"color: var(--body_typography-color); font-family: var(--body_typography-font-family); font-style: var(--body_typography-font-style,normal); letter-spacing: var(--body_typography-letter-spacing);\"><b>Mi. 1<\/b><\/span><span style=\"color: var(--body_typography-color); font-family: var(--body_typography-font-family); font-style: var(--body_typography-font-style,normal); letter-spacing: var(--body_typography-letter-spacing); font-size: var(--body_typography-font-size);\"><b>4.9.22<\/b><br \/><\/span><b style=\"color: var(--body_typography-color); font-family: var(--body_typography-font-family); font-size: var(--body_typography-font-size); font-style: var(--body_typography-font-style,normal); letter-spacing: var(--body_typography-letter-spacing);\"><a href=\"https:\/\/www.la-cappella.ch\/de\/spielplan\/tour-22-3292-4.html\" target=\"_blank\" rel=\"noopener noreferrer\">La Cappella, Bern<\/a><\/b><\/p>\n<p><span style=\"color: var(--body_typography-color); font-family: var(--body_typography-font-family); font-size: var(--body_typography-font-size); font-style: var(--body_typography-font-style,normal); letter-spacing: var(--body_typography-letter-spacing);\"><b>Do. 15.9.22 <\/b><br \/><\/span><b><a href=\"https:\/\/www.stadttheater-langenthal.ch\/de\/event\/1ecd-b4f9-0cc73201-9333-02ca783acb41\">Stadtth. Langenthal<\/a><\/b><\/p>\n<\/p>\n<p><span style=\"color: var(--body_typography-color); font-family: var(--body_typography-font-family); font-size: var(--body_typography-font-size); font-style: var(--body_typography-font-style,normal); letter-spacing: var(--body_typography-letter-spacing);\"><b>Fr. 16.9.22 <\/b><br \/><\/span><b style=\"color: var(--body_typography-color); font-family: var(--body_typography-font-family); font-size: var(--body_typography-font-size); font-style: var(--body_typography-font-style,normal); letter-spacing: var(--body_typography-letter-spacing);\"><a href=\"https:\/\/www.gong.ch\/Home.html\" target=\"_blank\" rel=\"noopener noreferrer\">Gong, Aadorf<\/a><\/b><\/p>\n<p><b>Sa. 17.9.22 <\/b><br \/><b><a href=\"https:\/\/www.kultur-appenzell.ch\/programm0.html\" target=\"_blank\" rel=\"noopener noreferrer\">Ziegelh\u00fctte, Appenzell<\/a><\/b><\/p>\n<p><b><u><span style=\"color: rgb(252, 145, 0);\"><br \/><\/span><\/u><\/b><\/p>\n<p><b><u><span style=\"color: rgb(252, 145, 0);\"><br \/><\/span><\/u><\/b><\/p>\n<p><b><u><span style=\"color: rgb(252, 145, 0);\"><br \/><\/span><\/u><\/b><\/p>\n<p><b><u><span style=\"color: rgb(252, 145, 0);\"><br \/><\/span><\/u><\/b><\/p>\n<p><b><u><span style=\"color: rgb(252, 145, 0); font-size: 13px;\" data-fusion-font=\"true\">Weitere interessierte Spielorte k\u00f6nnen sich gerne bei uns melden!<\/span><\/u><\/b><\/p>\n<p><b><u><span style=\"color: rgb(252, 145, 0);\"><br \/><\/span><\/u><\/b><\/p>\n<div class=\"\">\n<\/div>\n<\/div><div class=\"fusion-clearfix\"><\/div><\/div><\/div><div class=\"fusion-layout-column fusion_builder_column fusion-builder-column-1 fusion_builder_column_4_5 4_5 fusion-four-fifth fusion-column-last\" style=\"--awb-bg-blend:overlay;--awb-bg-size:cover;width:80%;width:calc(80% - ( ( 4% ) * 0.8 ) );\"><div class=\"fusion-column-wrapper fusion-column-has-shadow fusion-flex-column-wrapper-legacy\"><div class=\"fusion-text fusion-text-2\"><p><strong><span style=\"color: rgb(0, 0, 153); font-size: 45px;\" data-fusion-font=\"true\">NACHTderkleinK\u00dcNSTE<\/span><\/strong><\/p>\n<p><b><span style=\"font-size: 20px;\" data-fusion-font=\"true\">Das frische Kleinkunst-Vari\u00e9t\u00e9<\/span><span style=\"font-size: 16px;\" data-fusion-font=\"true\"><span style=\"font-size: 20px;\" data-fusion-font=\"true\"><br \/>\nEine Entdeckungsreise durch die Schweizer Kleinkunst<\/span><\/span><span style=\"color: rgb(255, 255, 255); font-family: var(--body_typography-font-family); font-size: 20px; font-style: var(--body_typography-font-style,normal); letter-spacing: var(--body_typography-letter-spacing);\" data-fusion-font=\"true\">.<\/span><\/b><br \/><span style=\"color: rgb(255, 255, 255); font-size: 16px;\" data-fusion-font=\"true\">.<\/span><\/p>\n<p><span style=\"color: var(--body_typography-color); font-family: var(--body_typography-font-family); font-size: var(--body_typography-font-size); font-style: var(--body_typography-font-style,normal); letter-spacing: var(--body_typography-letter-spacing);\"><b>Das Kaleidoskop der grossen Kleinkunst. <\/b><\/span><b>Die \u00abNacht der Kleink\u00fcnste\u00bb bringt K\u00fcnstlerinnen und K\u00fcnstler der Kleinkunst zusammen auf die B\u00fchne. Es ist ein Spielplatz zum Ausprobieren und Entdecken. Das Vari\u00e9t\u00e9 bietet einen Querschnitt durch das kontrastreiche Spektrum der Kleinkunst, ein bunter Mix aus Wort-, Stimm- und Tanzk\u00fcnstlern.<\/b><\/p>\n<p><span style=\"color: var(--body_typography-color); font-family: var(--body_typography-font-family); font-size: var(--body_typography-font-size); font-style: var(--body_typography-font-style,normal); letter-spacing: var(--body_typography-letter-spacing);\">D<\/span><span style=\"color: var(--body_typography-color); font-family: var(--body_typography-font-family); font-size: var(--body_typography-font-size); font-style: var(--body_typography-font-style,normal); letter-spacing: var(--body_typography-letter-spacing);\">ie NACHTderkleinK\u00dcNSTE ist ein Laboratorium, in dem Kleinkunst in ihrer ganzen Vielfalt entwickelt, gemischt und pr\u00e4sentiert wird.Traditionell stehen junge Talente und gestandene Profis gemeinsam auf der B\u00fchne und garantieren f\u00fcr ein abwechslungsreiches und kontrastreiches Programm f\u00fcr ein entdeckungsfreudiges Publikum. Die Palette ist so bunt wie die Kleinkunst vielf\u00e4ltig. Es ist eine kleine Wundert\u00fcte: Ob schr\u00e4ge Lieder, intellektuelle Texte, tiefgr\u00fcndige Komik oder atemberaubende Artistik, bei dieser Show ist alles m\u00f6glich.<\/span><\/p>\n<p>Moderiert wird die Tour 2022 vom Duo Strohmann-Kauz mit ihren liebensw\u00fcrdigen Figuren Ruedi und Heinz. Jane Mumford, Nina W\u00e4gli, Irene Mazza und Lukas Weiss erg\u00e4nzen mit ihrer B\u00fchnenkunst den vielf\u00e4ltigen Kleinkunst-Reigen.<\/p>\n<\/p>\n<p>Die NACHTderkleinK\u00dcNSTE war in Winterthur Kult, schon lange bevor es das Casinotheater gab. Immer wieder einmalig \u2013 zweimal im Jahr \u2013 trafen sich in Winterthur grosse Kleink\u00fcnstlerInnen und solche, die es werden wollten und inzwischen auch wurden.<\/p>\n<p><span style=\"color: var(--body_typography-color); font-family: var(--body_typography-font-family); font-size: var(--body_typography-font-size); font-style: var(--body_typography-font-style,normal); letter-spacing: var(--body_typography-letter-spacing);\">Kleinkunst bedeutet nicht \u00abKleine Kunst\u00bb, sondern \u00abKleinod-Kunst\u00bb. Theater- und B\u00fchnenformen, die aus Subjektivem entstehen, von Begeisterung getragen werden und auf vielen kleinen B\u00fchnen zu etwas Grossem werden k\u00f6nnen. Kleinkunst lebt von der N\u00e4he. Nirgends kann man K\u00fcnstlerinnen und K\u00fcnstler und ihre Kunst n\u00e4her und unmittelbarer erleben als in einem Kleintheater. <\/span><\/p>\n<p><span style=\"color: rgb(255, 255, 255); font-size: 16px;\" data-fusion-font=\"true\">.<\/span><\/p>\n<p><b style=\"font-size: 16px;\" data-fusion-font=\"true\"><u><span style=\"\" data-fusion-font=\"true\">2022 mit dabei sind:<\/span><\/u><\/b><\/p>\n<p><b>Strohmann-Kauz<\/b> (Theater-Kabarett, Moderation)<br \/><span style=\"color: var(--body_typography-color); font-family: var(--body_typography-font-family); font-size: var(--body_typography-font-size); font-style: var(--body_typography-font-style,normal); letter-spacing: var(--body_typography-letter-spacing);\">Der lebensfrohe Ruedi (Rhaban Straumann, Olten) und der griessgr\u00e4mige Heinz (Matthias Kunz, Bern) sind ein grossartiges B\u00fchnenpaar. Das aufm\u00fcpfige Rentnerduo geniesst seine schier grenzenlose Narrenfreiheit. Schlagfertig und kritisch erg\u00e4nzen und begleiten sie sich Satz um Satz durch den Tag. Strohmann-Kauz verpackt Theaterkabarett in eine sch\u00f6ne Geschichte, ber\u00fchrend, geistreich und vielschichtig. <\/span><span style=\"color: var(--body_typography-color); font-family: var(--body_typography-font-family); font-size: var(--body_typography-font-size); font-style: var(--body_typography-font-style,normal); letter-spacing: var(--body_typography-letter-spacing);\"><a href=\"https:\/\/www.strohmann-kauz.ch\" target=\"_blank\" rel=\"noopener noreferrer\">www.strohmann-kauz.ch<\/a><\/span><\/p>\n<p><b style=\"color: var(--body_typography-color); font-family: var(--body_typography-font-family); font-size: var(--body_typography-font-size); font-style: var(--body_typography-font-style,normal); letter-spacing: var(--body_typography-letter-spacing);\">Jane Mumford<\/b><span style=\"color: var(--body_typography-color); font-family: var(--body_typography-font-family); font-size: var(--body_typography-font-size); font-style: var(--body_typography-font-style,normal); letter-spacing: var(--body_typography-letter-spacing);\"> (Kabarett, Comedy)<br \/><\/span>Jane Mumford ist Kabarettistin, Komikerin, Musikerin und Illustratorin aus Z\u00fcrich. Auf Kleinkunstb\u00fchnen Blut geleckt, schlich sie durch Stand-Up Formate \u00fcbers Fernsehen langsam aber sicher Richtung Kabarett. Ihr Duo \u00ab9 Volt Nelly\u00bb gibt\u2019s seit 2014, seit 2021 ist sie nun auch mit ihrem ersten Soloprogramm unterwegs. In ihrer Arbeit kombiniert sie ihren Vorlieben entsprechend gerne das Rhythmische, Sarkastische und Absurde. <a href=\"https:\/\/www.janemumford.ch\" target=\"_blank\" rel=\"noopener noreferrer\">www.janemumford.ch<\/a><\/p>\n<\/p>\n<p><b style=\"color: var(--body_typography-color); font-family: var(--body_typography-font-family); font-size: var(--body_typography-font-size); font-style: var(--body_typography-font-style,normal); letter-spacing: var(--body_typography-letter-spacing);\">Nina W\u00e4gli <\/b><span style=\"color: var(--body_typography-color); font-family: var(--body_typography-font-family); font-size: var(--body_typography-font-size); font-style: var(--body_typography-font-style,normal); letter-spacing: var(--body_typography-letter-spacing);\">(Komik)<br \/><\/span><span style=\"color: var(--body_typography-color); font-family: var(--body_typography-font-family); font-size: var(--body_typography-font-size); font-style: var(--body_typography-font-style,normal); letter-spacing: var(--body_typography-letter-spacing);\">Die Bernerin Nina W\u00e4gli schafft es mit einer enormen Energie, sich in den Herausforderungen des Lebens zu verheddern. Dabei nutzt die \u00dc40 Bewegungsschauspielerin, soziokulturelle Animatorin, Spitalclownin und Mutter dreier Kinder ihren Fundus an pers\u00f6nlichen Erlebnissen und Begegnungen. Kein Thema ist vor ihr sicher\u2026 und verheddert sich trotzdem auf all ihren Irrwegen. <\/span><a href=\"https:\/\/www.ninaw\u00e4gli.ch\" target=\"_blank\" rel=\"noopener noreferrer\" style=\"font-family: var(--body_typography-font-family); font-size: var(--body_typography-font-size); font-style: var(--body_typography-font-style,normal); letter-spacing: var(--body_typography-letter-spacing);\">www.ninaw\u00e4gli.ch<\/a><\/p>\n<p><b>Irene Mazza<\/b> (Singer-Songwriterin)<br \/>Seit \u00fcber 25 Jahren schreibt die S\u00e4ngerin und Textakrobatin Irene Mazza Lieder in sechs Sprachen. Unverbl\u00fcmt und keck wagt sich die Winterthurerin (mit Bieler Wurzeln) an das Eingemachte und nimmt dabei kein Blatt vor den Mund. Ihre Lieder bewegen, ber\u00fchren und regen zum Denken an. Im Herbst erscheint ihr neues Album \u00abAber\u00e4b\u00e4\u00bb, alles mit Liedern in ihrer in ihrer Muttersprache, dem Berndeutschen. <a href=\"http:\/\/www.irenemazza.ch\" target=\"_blank\" rel=\"noopener noreferrer\">www.irenemazza.ch<\/a><\/p>\n<\/p>\n<p><b>Lukas Weiss<\/b> (Jonglage\/Stepptanz)<br \/>In seinen Auftritten verschmelzen Stepptanz, K\u00f6rpersprache und Jonglage mit verbl\u00fcffender Leichtigkeit zu einer ebenso humorvollen wie spektakul\u00e4ren Einheit. Mit Ausdrucksst\u00e4rke, skurrilen Charakteren und virtuoser Rhythmik begeistert der Bieler Lukas Weiss international sein Publikum. Seine fulminante Fusion von Stepptanz und Jonglage ist und bleibt weltweit einmalig. <a href=\"https:\/\/www.tapdancejuggler.ch\" target=\"_blank\" rel=\"noopener noreferrer\">www.tapdancejuggler.ch<\/a><\/p>\n<\/p>\n<p style=\"font-size: 16px;\" data-fusion-font=\"true\">\n<div class=\"\"><\/div>\n<\/div><div class=\"fusion-image-element in-legacy-container\" style=\"--awb-caption-title-font-family:var(--h2_typography-font-family);--awb-caption-title-font-weight:var(--h2_typography-font-weight);--awb-caption-title-font-style:var(--h2_typography-font-style);--awb-caption-title-size:var(--h2_typography-font-size);--awb-caption-title-transform:var(--h2_typography-text-transform);--awb-caption-title-line-height:var(--h2_typography-line-height);--awb-caption-title-letter-spacing:var(--h2_typography-letter-spacing);\"><span class=\" fusion-imageframe imageframe-dropshadow imageframe-1 hover-type-none\" style=\"-webkit-box-shadow: 3px 3px 7px rgba(0,0,0,0.3);box-shadow: 3px 3px 7px rgba(0,0,0,0.3);\"><img fetchpriority=\"high\" decoding=\"async\" fetchpriority=\"high\" width=\"800\" height=\"566\" title=\"foto_ndkk_breit\" src=\"https:\/\/kulturbau.ch\/ws19\/wp-content\/uploads\/2022\/06\/foto_ndkk_breit-2000x1414.jpg\" data-orig-src=\"https:\/\/kulturbau.ch\/ws19\/wp-content\/uploads\/2022\/06\/foto_ndkk_breit-800x566.jpg\" alt class=\"lazyload img-responsive wp-image-5904\" srcset=\"data:image\/svg+xml,%3Csvg%20xmlns%3D%27http%3A%2F%2Fwww.w3.org%2F2000%2Fsvg%27%20width%3D%272000%27%20height%3D%271414%27%20viewBox%3D%270%200%202000%201414%27%3E%3Crect%20width%3D%272000%27%20height%3D%271414%27%20fill-opacity%3D%220%22%2F%3E%3C%2Fsvg%3E\" data-srcset=\"https:\/\/kulturbau.ch\/ws19\/wp-content\/uploads\/2022\/06\/foto_ndkk_breit-200x141.jpg 200w, https:\/\/kulturbau.ch\/ws19\/wp-content\/uploads\/2022\/06\/foto_ndkk_breit-400x283.jpg 400w, https:\/\/kulturbau.ch\/ws19\/wp-content\/uploads\/2022\/06\/foto_ndkk_breit-600x424.jpg 600w, https:\/\/kulturbau.ch\/ws19\/wp-content\/uploads\/2022\/06\/foto_ndkk_breit-800x566.jpg 800w, https:\/\/kulturbau.ch\/ws19\/wp-content\/uploads\/2022\/06\/foto_ndkk_breit-1200x848.jpg 1200w\" data-sizes=\"auto\" data-orig-sizes=\"(max-width: 800px) 100vw, 1200px\" \/><\/span><\/div><div class=\"fusion-clearfix\"><\/div><\/div><\/div><\/div><\/div>\n","protected":false},"excerpt":{"rendered":"","protected":false},"author":2,"featured_media":0,"parent":0,"menu_order":0,"comment_status":"closed","ping_status":"closed","template":"","meta":{"footnotes":""},"class_list":["post-329","page","type-page","status-publish","hentry"],"yoast_head":"<!-- This site is optimized with the Yoast SEO plugin v27.1.1 - https:\/\/yoast.com\/product\/yoast-seo-wordpress\/ -->\n<title>NACHTderkleinK\u00dcNSTE - Kulturbau GmbH<\/title>\n<meta name=\"description\" content=\"NACHTderkleinK\u00dcNSTE. Das Kleinkunst-Vari\u00e9t\u00e9. Das Vari\u00e9t\u00e9 bietet einen Querschnitt durch die Facetten der Kleinkunst. Es stehen junge Talente und gestandene Profis gemeinsam auf der B\u00fchne und garantieren f\u00fcr ein abwechslungsreiches und kontrastreiches Programm f\u00fcr Entdeckungsfreudige. Eine Kulturbau-produktion.\" \/>\n<meta name=\"robots\" content=\"index, follow, max-snippet:-1, max-image-preview:large, max-video-preview:-1\" \/>\n<link rel=\"canonical\" href=\"https:\/\/kulturbau.ch\/ws19\/nachtderkleinkuenste\/\" \/>\n<meta property=\"og:locale\" content=\"de_DE\" \/>\n<meta property=\"og:type\" content=\"article\" \/>\n<meta property=\"og:title\" content=\"NACHTderkleinK\u00dcNSTE - Kulturbau GmbH\" \/>\n<meta property=\"og:description\" content=\"NACHTderkleinK\u00dcNSTE. Das Kleinkunst-Vari\u00e9t\u00e9. Das Vari\u00e9t\u00e9 bietet einen Querschnitt durch die Facetten der Kleinkunst. Es stehen junge Talente und gestandene Profis gemeinsam auf der B\u00fchne und garantieren f\u00fcr ein abwechslungsreiches und kontrastreiches Programm f\u00fcr Entdeckungsfreudige. Eine Kulturbau-produktion.\" \/>\n<meta property=\"og:url\" content=\"https:\/\/kulturbau.ch\/ws19\/nachtderkleinkuenste\/\" \/>\n<meta property=\"og:site_name\" content=\"Kulturbau GmbH\" \/>\n<meta property=\"article:publisher\" content=\"https:\/\/www.facebook.com\/kulturbau\" \/>\n<meta property=\"article:modified_time\" content=\"2022-09-08T09:41:51+00:00\" \/>\n<meta property=\"og:image\" content=\"https:\/\/kulturbau.ch\/ws19\/wp-content\/uploads\/2021\/03\/sujet_ndkk-16.14.52-212x300.jpg\" \/>\n<meta name=\"twitter:card\" content=\"summary_large_image\" \/>\n<meta name=\"twitter:label1\" content=\"Gesch\u00e4tzte Lesezeit\" \/>\n\t<meta name=\"twitter:data1\" content=\"5\u00a0Minuten\" \/>\n<script type=\"application\/ld+json\" class=\"yoast-schema-graph\">{\"@context\":\"https:\/\/schema.org\",\"@graph\":[{\"@type\":\"WebPage\",\"@id\":\"https:\/\/kulturbau.ch\/ws19\/nachtderkleinkuenste\/\",\"url\":\"https:\/\/kulturbau.ch\/ws19\/nachtderkleinkuenste\/\",\"name\":\"NACHTderkleinK\u00dcNSTE - Kulturbau GmbH\",\"isPartOf\":{\"@id\":\"https:\/\/kulturbau.ch\/ws19\/#website\"},\"primaryImageOfPage\":{\"@id\":\"https:\/\/kulturbau.ch\/ws19\/nachtderkleinkuenste\/#primaryimage\"},\"image\":{\"@id\":\"https:\/\/kulturbau.ch\/ws19\/nachtderkleinkuenste\/#primaryimage\"},\"thumbnailUrl\":\"https:\/\/kulturbau.ch\/ws19\/wp-content\/uploads\/2021\/03\/sujet_ndkk-16.14.52-212x300.jpg\",\"datePublished\":\"2019-07-07T18:43:36+00:00\",\"dateModified\":\"2022-09-08T09:41:51+00:00\",\"description\":\"NACHTderkleinK\u00dcNSTE. Das Kleinkunst-Vari\u00e9t\u00e9. Das Vari\u00e9t\u00e9 bietet einen Querschnitt durch die Facetten der Kleinkunst. Es stehen junge Talente und gestandene Profis gemeinsam auf der B\u00fchne und garantieren f\u00fcr ein abwechslungsreiches und kontrastreiches Programm f\u00fcr Entdeckungsfreudige. Eine Kulturbau-produktion.\",\"breadcrumb\":{\"@id\":\"https:\/\/kulturbau.ch\/ws19\/nachtderkleinkuenste\/#breadcrumb\"},\"inLanguage\":\"de-CH\",\"potentialAction\":[{\"@type\":\"ReadAction\",\"target\":[\"https:\/\/kulturbau.ch\/ws19\/nachtderkleinkuenste\/\"]}]},{\"@type\":\"ImageObject\",\"inLanguage\":\"de-CH\",\"@id\":\"https:\/\/kulturbau.ch\/ws19\/nachtderkleinkuenste\/#primaryimage\",\"url\":\"https:\/\/kulturbau.ch\/ws19\/wp-content\/uploads\/2021\/03\/sujet_ndkk-16.14.52-212x300.jpg\",\"contentUrl\":\"https:\/\/kulturbau.ch\/ws19\/wp-content\/uploads\/2021\/03\/sujet_ndkk-16.14.52-212x300.jpg\"},{\"@type\":\"BreadcrumbList\",\"@id\":\"https:\/\/kulturbau.ch\/ws19\/nachtderkleinkuenste\/#breadcrumb\",\"itemListElement\":[{\"@type\":\"ListItem\",\"position\":1,\"name\":\"Home\",\"item\":\"https:\/\/kulturbau.ch\/ws19\/\"},{\"@type\":\"ListItem\",\"position\":2,\"name\":\"NACHTderkleinK\u00dcNSTE\"}]},{\"@type\":\"WebSite\",\"@id\":\"https:\/\/kulturbau.ch\/ws19\/#website\",\"url\":\"https:\/\/kulturbau.ch\/ws19\/\",\"name\":\"Kulturbau GmbH\",\"description\":\"K\u00fcnstlervermittlung &amp; Kulturproduktionen\",\"publisher\":{\"@id\":\"https:\/\/kulturbau.ch\/ws19\/#organization\"},\"potentialAction\":[{\"@type\":\"SearchAction\",\"target\":{\"@type\":\"EntryPoint\",\"urlTemplate\":\"https:\/\/kulturbau.ch\/ws19\/?s={search_term_string}\"},\"query-input\":{\"@type\":\"PropertyValueSpecification\",\"valueRequired\":true,\"valueName\":\"search_term_string\"}}],\"inLanguage\":\"de-CH\"},{\"@type\":\"Organization\",\"@id\":\"https:\/\/kulturbau.ch\/ws19\/#organization\",\"name\":\"Kulturbau GmbH\",\"url\":\"https:\/\/kulturbau.ch\/ws19\/\",\"logo\":{\"@type\":\"ImageObject\",\"inLanguage\":\"de-CH\",\"@id\":\"https:\/\/kulturbau.ch\/ws19\/#\/schema\/logo\/image\/\",\"url\":\"https:\/\/kulturbau.ch\/ws19\/wp-content\/uploads\/2019\/07\/kulturbau_logo.gif\",\"contentUrl\":\"https:\/\/kulturbau.ch\/ws19\/wp-content\/uploads\/2019\/07\/kulturbau_logo.gif\",\"width\":313,\"height\":58,\"caption\":\"Kulturbau GmbH\"},\"image\":{\"@id\":\"https:\/\/kulturbau.ch\/ws19\/#\/schema\/logo\/image\/\"},\"sameAs\":[\"https:\/\/www.facebook.com\/kulturbau\",\"https:\/\/www.instagram.com\/kulturbau_agentur\/\"]}]}<\/script>\n<!-- \/ Yoast SEO plugin. -->","yoast_head_json":{"title":"NACHTderkleinK\u00dcNSTE - Kulturbau GmbH","description":"NACHTderkleinK\u00dcNSTE. Das Kleinkunst-Vari\u00e9t\u00e9. Das Vari\u00e9t\u00e9 bietet einen Querschnitt durch die Facetten der Kleinkunst. Es stehen junge Talente und gestandene Profis gemeinsam auf der B\u00fchne und garantieren f\u00fcr ein abwechslungsreiches und kontrastreiches Programm f\u00fcr Entdeckungsfreudige. Eine Kulturbau-produktion.","robots":{"index":"index","follow":"follow","max-snippet":"max-snippet:-1","max-image-preview":"max-image-preview:large","max-video-preview":"max-video-preview:-1"},"canonical":"https:\/\/kulturbau.ch\/ws19\/nachtderkleinkuenste\/","og_locale":"de_DE","og_type":"article","og_title":"NACHTderkleinK\u00dcNSTE - Kulturbau GmbH","og_description":"NACHTderkleinK\u00dcNSTE. Das Kleinkunst-Vari\u00e9t\u00e9. Das Vari\u00e9t\u00e9 bietet einen Querschnitt durch die Facetten der Kleinkunst. Es stehen junge Talente und gestandene Profis gemeinsam auf der B\u00fchne und garantieren f\u00fcr ein abwechslungsreiches und kontrastreiches Programm f\u00fcr Entdeckungsfreudige. Eine Kulturbau-produktion.","og_url":"https:\/\/kulturbau.ch\/ws19\/nachtderkleinkuenste\/","og_site_name":"Kulturbau GmbH","article_publisher":"https:\/\/www.facebook.com\/kulturbau","article_modified_time":"2022-09-08T09:41:51+00:00","og_image":[{"url":"https:\/\/kulturbau.ch\/ws19\/wp-content\/uploads\/2021\/03\/sujet_ndkk-16.14.52-212x300.jpg","type":"","width":"","height":""}],"twitter_card":"summary_large_image","twitter_misc":{"Gesch\u00e4tzte Lesezeit":"5\u00a0Minuten"},"schema":{"@context":"https:\/\/schema.org","@graph":[{"@type":"WebPage","@id":"https:\/\/kulturbau.ch\/ws19\/nachtderkleinkuenste\/","url":"https:\/\/kulturbau.ch\/ws19\/nachtderkleinkuenste\/","name":"NACHTderkleinK\u00dcNSTE - Kulturbau GmbH","isPartOf":{"@id":"https:\/\/kulturbau.ch\/ws19\/#website"},"primaryImageOfPage":{"@id":"https:\/\/kulturbau.ch\/ws19\/nachtderkleinkuenste\/#primaryimage"},"image":{"@id":"https:\/\/kulturbau.ch\/ws19\/nachtderkleinkuenste\/#primaryimage"},"thumbnailUrl":"https:\/\/kulturbau.ch\/ws19\/wp-content\/uploads\/2021\/03\/sujet_ndkk-16.14.52-212x300.jpg","datePublished":"2019-07-07T18:43:36+00:00","dateModified":"2022-09-08T09:41:51+00:00","description":"NACHTderkleinK\u00dcNSTE. Das Kleinkunst-Vari\u00e9t\u00e9. Das Vari\u00e9t\u00e9 bietet einen Querschnitt durch die Facetten der Kleinkunst. Es stehen junge Talente und gestandene Profis gemeinsam auf der B\u00fchne und garantieren f\u00fcr ein abwechslungsreiches und kontrastreiches Programm f\u00fcr Entdeckungsfreudige. Eine Kulturbau-produktion.","breadcrumb":{"@id":"https:\/\/kulturbau.ch\/ws19\/nachtderkleinkuenste\/#breadcrumb"},"inLanguage":"de-CH","potentialAction":[{"@type":"ReadAction","target":["https:\/\/kulturbau.ch\/ws19\/nachtderkleinkuenste\/"]}]},{"@type":"ImageObject","inLanguage":"de-CH","@id":"https:\/\/kulturbau.ch\/ws19\/nachtderkleinkuenste\/#primaryimage","url":"https:\/\/kulturbau.ch\/ws19\/wp-content\/uploads\/2021\/03\/sujet_ndkk-16.14.52-212x300.jpg","contentUrl":"https:\/\/kulturbau.ch\/ws19\/wp-content\/uploads\/2021\/03\/sujet_ndkk-16.14.52-212x300.jpg"},{"@type":"BreadcrumbList","@id":"https:\/\/kulturbau.ch\/ws19\/nachtderkleinkuenste\/#breadcrumb","itemListElement":[{"@type":"ListItem","position":1,"name":"Home","item":"https:\/\/kulturbau.ch\/ws19\/"},{"@type":"ListItem","position":2,"name":"NACHTderkleinK\u00dcNSTE"}]},{"@type":"WebSite","@id":"https:\/\/kulturbau.ch\/ws19\/#website","url":"https:\/\/kulturbau.ch\/ws19\/","name":"Kulturbau GmbH","description":"K\u00fcnstlervermittlung &amp; Kulturproduktionen","publisher":{"@id":"https:\/\/kulturbau.ch\/ws19\/#organization"},"potentialAction":[{"@type":"SearchAction","target":{"@type":"EntryPoint","urlTemplate":"https:\/\/kulturbau.ch\/ws19\/?s={search_term_string}"},"query-input":{"@type":"PropertyValueSpecification","valueRequired":true,"valueName":"search_term_string"}}],"inLanguage":"de-CH"},{"@type":"Organization","@id":"https:\/\/kulturbau.ch\/ws19\/#organization","name":"Kulturbau GmbH","url":"https:\/\/kulturbau.ch\/ws19\/","logo":{"@type":"ImageObject","inLanguage":"de-CH","@id":"https:\/\/kulturbau.ch\/ws19\/#\/schema\/logo\/image\/","url":"https:\/\/kulturbau.ch\/ws19\/wp-content\/uploads\/2019\/07\/kulturbau_logo.gif","contentUrl":"https:\/\/kulturbau.ch\/ws19\/wp-content\/uploads\/2019\/07\/kulturbau_logo.gif","width":313,"height":58,"caption":"Kulturbau GmbH"},"image":{"@id":"https:\/\/kulturbau.ch\/ws19\/#\/schema\/logo\/image\/"},"sameAs":["https:\/\/www.facebook.com\/kulturbau","https:\/\/www.instagram.com\/kulturbau_agentur\/"]}]}},"_links":{"self":[{"href":"https:\/\/kulturbau.ch\/ws19\/wp-json\/wp\/v2\/pages\/329","targetHints":{"allow":["GET"]}}],"collection":[{"href":"https:\/\/kulturbau.ch\/ws19\/wp-json\/wp\/v2\/pages"}],"about":[{"href":"https:\/\/kulturbau.ch\/ws19\/wp-json\/wp\/v2\/types\/page"}],"author":[{"embeddable":true,"href":"https:\/\/kulturbau.ch\/ws19\/wp-json\/wp\/v2\/users\/2"}],"replies":[{"embeddable":true,"href":"https:\/\/kulturbau.ch\/ws19\/wp-json\/wp\/v2\/comments?post=329"}],"version-history":[{"count":82,"href":"https:\/\/kulturbau.ch\/ws19\/wp-json\/wp\/v2\/pages\/329\/revisions"}],"predecessor-version":[{"id":6030,"href":"https:\/\/kulturbau.ch\/ws19\/wp-json\/wp\/v2\/pages\/329\/revisions\/6030"}],"wp:attachment":[{"href":"https:\/\/kulturbau.ch\/ws19\/wp-json\/wp\/v2\/media?parent=329"}],"curies":[{"name":"wp","href":"https:\/\/api.w.org\/{rel}","templated":true}]}}