{"id":298,"date":"2019-07-07T18:21:46","date_gmt":"2019-07-07T16:21:46","guid":{"rendered":"https:\/\/kulturbau.ch\/ws19\/?page_id=298"},"modified":"2021-05-19T11:50:24","modified_gmt":"2021-05-19T09:50:24","slug":"christian-j-kaeser","status":"publish","type":"page","link":"https:\/\/kulturbau.ch\/ws19\/christian-j-kaeser\/","title":{"rendered":"Christian J. K\u00e4ser"},"content":{"rendered":"<div class=\"fusion-fullwidth fullwidth-box fusion-builder-row-1 nonhundred-percent-fullwidth non-hundred-percent-height-scrolling gradient-container-1\" style=\"--awb-border-radius-top-left:0px;--awb-border-radius-top-right:0px;--awb-border-radius-bottom-right:0px;--awb-border-radius-bottom-left:0px;--awb-flex-wrap:wrap;\" ><div class=\"fusion-builder-row fusion-row\"><div class=\"fusion-layout-column fusion_builder_column fusion-builder-column-0 fusion_builder_column_4_5 4_5 fusion-four-fifth fusion-column-first\" style=\"--awb-bg-size:cover;width:80%;width:calc(80% - ( ( 4% ) * 0.8 ) );margin-right: 4%;\"><div class=\"fusion-column-wrapper fusion-column-has-shadow fusion-flex-column-wrapper-legacy\"><div class=\"fusion-text fusion-text-1\"><h1 data-fontsize=\"37\" data-lineheight=\"44px\" class=\"fusion-responsive-typography-calculated\" style=\"--fontSize: 37; line-height: 1.19;\"><span class=\"Stil20\" style=\"color: #000099;\"><span class=\"Stil14\" data-fusion-font=\"true\" style=\"font-size: 40px; line-height: 5px;\">Christian J. K\u00e4ser<\/span><\/span><\/h1>\n<p><span style=\"font-family: var(--h1_typography-font-family); font-size: 36px; font-style: var(--h1_typography-font-style,normal); font-weight: normal; letter-spacing: var(--h1_typography-letter-spacing); color: var(--h1_typography-color); line-height: 5px;\" data-fusion-font=\"true\">Musikalische Stegreif-Comedy<\/span><\/p>\n<p><strong><span style=\"color: #ffffff;\">.<\/span><br \/>\nChristian Johannes K\u00e4ser (alias Pumpernickel) hat nur seinen Charme und eine Gitarre. Mehr braucht er nicht, um aus dem Moment heraus Songs und Geschichten zu spinnen. <\/strong>Improvisation ist seine Leidenschaft. Gib ihm drei Stichworte und ich spielet Dir einen passenden Song!<\/p>\n<div class=\"wrapper\">\n<p>Er spielt aus dem Stegreif im Kleintheater oder packt einen Kongress oder ein Podium in ein musikalisches R\u00e9sum\u00e9. Dabei jongliert er mit Worten aus dem Publikum, singt Liebeslieder aus dem Stegreif oder textet Schweizer Mundartsongs neu.<\/p>\n<\/div>\n<p>Christian Johannes K\u00e4ser zaubert auf Kommando Stegreiflieder aus dem \u00c4rmel. Dazu braucht er spontane Stichw\u00f6rter vom Publikum. Und schon geht es los mit einer Improvisation. Schr\u00e4ge Lieder, die niemand kennt und die es vor wenigen Minuten noch nicht gab. Der studierte Philosoph geniesst den Moment des gesanglichen \u00abfreien Falls\u00bb und kaum ein Wort l\u00e4sst ihn verzweifeln. Der musikalische Stegreif-Comedian reimt auf Teufel komm raus.<\/p>\n<blockquote>\n<p><span class=\"Stil1\"><em>\u00abEr hat den Biberfladenblues. Christian Johannes K\u00e4ser erfindet Popsongs aus dem Moment heraus. Und l\u00e4sst seine Lieder manchmal spontan auf der Bahnhofstoilette enden&#8230;\u00bb (Tagesanzeiger<\/em>)<\/span><\/p>\n<\/blockquote>\n<\/div><div class=\"fusion-video fusion-youtube fusion-no-small-visibility\" style=\"--awb-max-width:700px;--awb-max-height:394px;\"><div class=\"video-shortcode\"><lite-youtube videoid=\"BndaeYCKa_M\" class=\"landscape\" params=\"wmode=transparent&autoplay=1&amp;enablejsapi=1\" title=\"YouTube video player 1\" data-button-label=\"Play Video\" width=\"700\" height=\"394\" data-thumbnail-size=\"auto\" data-no-cookie=\"on\"><\/lite-youtube><\/div><\/div><div class=\"fusion-text fusion-text-2\"><p>Christian J. K\u00e4ser bei Aeschbacher!<br \/>\n<iframe src=\"\/\/tp.srgssr.ch\/p\/srf\/embed?urn=urn:srf:video:b618e196-f5ee-4630-95a1-75dc5a74a2ff&amp;start=\" name=\"Christian Johannes K\u00e4ser\" width=\"700\" height=\"351\" frameborder=\"0\" allowfullscreen=\"allowfullscreen\"><\/iframe><\/p>\n<h1><\/h1>\n<h1><span style=\"color: #000099;\">BIOGRAFIE<br \/>\n<\/span><\/h1>\n<hr \/>\n<p><span style=\"color: #ffffff;\">.<\/span><\/p>\n<p><strong>Christian Johannes K\u00e4ser<\/strong><br \/>\nAls Schauspieler und Musiker steht Christian Johannes K\u00e4ser f\u00fcr unz\u00e4hlige Theater- und Musicalproduktionen auf der B\u00fchne (u.a. Ewigi Liebi, Das Konzert der Tiere, Pippi Langstrumpf, The Muhammad Ali Road Show).<br \/>\n2005 gr\u00fcndet er zusammen mit vier Schauspielern das theater anundpfirsich und fokussiert seither noch mehr auf die Improvisation als Theaterform und Technik der Kreativit\u00e4t. Daneben coacht er Ensembles und unterrichtet Improvisation.<\/p>\n<p>.<\/p>\n<\/div><div class=\"fusion-video fusion-youtube\" style=\"--awb-max-width:700px;--awb-max-height:394px;\"><div class=\"video-shortcode\"><lite-youtube videoid=\"B1PahlPjFpE\" class=\"landscape\" params=\"wmode=transparent&autoplay=1&amp;enablejsapi=1\" title=\"YouTube video player 2\" data-button-label=\"Play Video\" width=\"700\" height=\"394\" data-thumbnail-size=\"auto\" data-no-cookie=\"on\"><\/lite-youtube><\/div><\/div><div class=\"fusion-text fusion-text-3\"><p><span style=\"color: #ffffff;\">.<\/span><\/p>\n<\/div><div class=\"fusion-video fusion-youtube\" style=\"--awb-max-width:700px;--awb-max-height:394px;\"><div class=\"video-shortcode\"><lite-youtube videoid=\"0TtxfdTstUo\" class=\"landscape\" params=\"wmode=transparent&autoplay=1&amp;enablejsapi=1\" title=\"YouTube video player 3\" data-button-label=\"Play Video\" width=\"700\" height=\"394\" data-thumbnail-size=\"auto\" data-no-cookie=\"on\"><\/lite-youtube><\/div><\/div><div class=\"fusion-clearfix\"><\/div><\/div><\/div><div class=\"fusion-layout-column fusion_builder_column fusion-builder-column-1 fusion_builder_column_1_5 1_5 fusion-one-fifth fusion-column-last\" style=\"--awb-bg-size:cover;width:20%;width:calc(20% - ( ( 4% ) * 0.2 ) );\"><div class=\"fusion-column-wrapper fusion-column-has-shadow fusion-flex-column-wrapper-legacy\"><div class=\"fusion-image-element in-legacy-container\" style=\"--awb-caption-title-font-family:var(--h2_typography-font-family);--awb-caption-title-font-weight:var(--h2_typography-font-weight);--awb-caption-title-font-style:var(--h2_typography-font-style);--awb-caption-title-size:var(--h2_typography-font-size);--awb-caption-title-transform:var(--h2_typography-text-transform);--awb-caption-title-line-height:var(--h2_typography-line-height);--awb-caption-title-letter-spacing:var(--h2_typography-letter-spacing);\"><span class=\" fusion-imageframe imageframe-dropshadow imageframe-1 hover-type-none\" style=\"-webkit-box-shadow: 3px 3px 7px rgba(0,0,0,0.3);box-shadow: 3px 3px 7px rgba(0,0,0,0.3);\"><img decoding=\"async\" src=\"data:image\/gif;base64,R0lGODlhAQABAAAAACH5BAEKAAEALAAAAAABAAEAAAICTAEAOw==\" data-orig-src=\"https:\/\/kulturbau.ch\/ws19\/wp-content\/uploads\/2019\/07\/banner_jkk-212x300.jpg\" alt class=\"lazyload img-responsive\"\/><\/span><\/div><div class=\"fusion-text fusion-text-4\"><p><span style=\"color: #ffffff;\">.<\/span><\/p>\n<\/div><div class=\"fusion-button-wrapper\"><a class=\"fusion-button button-flat button-small button-custom fusion-button-default button-1 fusion-button-default-span fusion-no-small-visibility fusion-has-button-gradient\" style=\"--button_accent_color:#fffff;--button_accent_hover_color:#ffffff;--button_border_hover_color:#ffffff;--button-border-radius-top-left:25px;--button-border-radius-top-right:25px;--button-border-radius-bottom-right:25px;--button-border-radius-bottom-left:25px;--button_gradient_top_color:rgba(255,153,0,0.56);--button_gradient_bottom_color:#ff9900;--button_gradient_top_color_hover:rgba(0,0,153,0.73);--button_gradient_bottom_color_hover:#000099;\" target=\"_blank\" rel=\"noopener noreferrer\" href=\"https:\/\/christianjohanneskaeser.ch\"><i class=\"fa-home fas awb-button__icon awb-button__icon--default button-icon-left\" aria-hidden=\"true\"><\/i><span class=\"fusion-button-text awb-button__text awb-button__text--default\">K\u00fcnstler-Webseite<\/span><\/a><\/div><div class=\"fusion-text fusion-text-5\"><p><span style=\"color: #ffffff;\">.<\/span><\/p>\n<\/div><div class=\"fusion-content-boxes content-boxes columns row fusion-columns-1 fusion-columns-total-1 fusion-content-boxes-1 content-boxes-icon-with-title content-left\" style=\"--awb-backgroundcolor:rgba(0,0,153,0.09);--awb-title-color:#000099;--awb-hover-accent-color:#ff9800;--awb-circle-hover-accent-color:#ff9800;--awb-item-margin-bottom:40px;\" data-animationOffset=\"top-into-view\"><div style=\"--awb-backgroundcolor:rgba(0,0,153,0.09);\" class=\"fusion-column content-box-column content-box-column content-box-column-1 col-lg-12 col-md-12 col-sm-12 fusion-content-box-hover content-box-column-last content-box-column-last-in-row\"><div class=\"col content-box-wrapper content-wrapper-background link-area-link-icon icon-hover-animation-fade\" data-animationOffset=\"top-into-view\"><div class=\"heading heading-with-icon icon-left\"><div class=\"icon\"><i style=\"border-color:#333333;border-width:0px;background-color:#ff9800;box-sizing:content-box;height:42px;width:42px;line-height:42px;border-radius:50%;font-size:21px;\" aria-hidden=\"true\" class=\"fontawesome-icon fa-at fas circle-yes fa-flip-horizontal\"><\/i><\/div><\/div><div class=\"fusion-clearfix\"><\/div><div class=\"content-container\">\n<h6 style=\"text-align: left;\"><b>KONTAKT &amp;<br \/>\nVERMITTLUNG <\/b><\/h6>\n<h6 style=\"text-align: left;\"><b><\/b><b>David Baumgartner<br \/>\n<\/b>Kulturbau GmbH<b><br \/>\n<\/b>Hopfenstrasse 3<br \/>8400 Winterthur<\/h6>\n<h6 style=\"text-align: left;\"><a href=\"mailto:info@kulturbau.ch\">info@kulturbau.ch<\/a><\/h6>\n<h6 style=\"text-align: left;\">052 203 41 41<br \/>\n079 600 79 26<\/h6>\n<\/div><\/div><\/div><div class=\"fusion-clearfix\"><\/div><\/div><div class=\"fusion-text fusion-text-6\"><p><strong><a href=\"https:\/\/christianjohanneskaeser.ch\/?fbclid=IwAR3uU3pHBLozP4GSwbvNsSF0llP3vjZP0WkN2MvlBYwO22dVnSk0t1GfvGY#spielplan\">&gt;Aktueller Spielplan<\/a><\/strong><\/p>\n<\/div><div class=\"fusion-clearfix\"><\/div><\/div><\/div><\/div><\/div>\n","protected":false},"excerpt":{"rendered":"","protected":false},"author":2,"featured_media":0,"parent":0,"menu_order":0,"comment_status":"closed","ping_status":"closed","template":"","meta":{"footnotes":""},"class_list":["post-298","page","type-page","status-publish","hentry"],"yoast_head":"<!-- This site is optimized with the Yoast SEO plugin v27.1.1 - https:\/\/yoast.com\/product\/yoast-seo-wordpress\/ -->\n<title>Christian J. K\u00e4ser - Kulturbau GmbH<\/title>\n<meta name=\"description\" content=\"Musikalische Stegreif-Comedy mit Christian Johannes K\u00e4ser (alias Pumpernickel). Christian Johannes K\u00e4ser hat nur seinen Charme und eine Gitarre. Mehr braucht er nicht, um aus dem Moment heraus Songs und Geschichten zu spinnen.\" \/>\n<meta name=\"robots\" content=\"index, follow, max-snippet:-1, max-image-preview:large, max-video-preview:-1\" \/>\n<link rel=\"canonical\" href=\"https:\/\/kulturbau.ch\/ws19\/christian-j-kaeser\/\" \/>\n<meta property=\"og:locale\" content=\"de_DE\" \/>\n<meta property=\"og:type\" content=\"article\" \/>\n<meta property=\"og:title\" content=\"Christian J. K\u00e4ser - Kulturbau GmbH\" \/>\n<meta property=\"og:description\" content=\"Musikalische Stegreif-Comedy mit Christian Johannes K\u00e4ser (alias Pumpernickel). Christian Johannes K\u00e4ser hat nur seinen Charme und eine Gitarre. Mehr braucht er nicht, um aus dem Moment heraus Songs und Geschichten zu spinnen.\" \/>\n<meta property=\"og:url\" content=\"https:\/\/kulturbau.ch\/ws19\/christian-j-kaeser\/\" \/>\n<meta property=\"og:site_name\" content=\"Kulturbau GmbH\" \/>\n<meta property=\"article:publisher\" content=\"https:\/\/www.facebook.com\/kulturbau\" \/>\n<meta property=\"article:modified_time\" content=\"2021-05-19T09:50:24+00:00\" \/>\n<meta name=\"twitter:card\" content=\"summary_large_image\" \/>\n<meta name=\"twitter:label1\" content=\"Gesch\u00e4tzte Lesezeit\" \/>\n\t<meta name=\"twitter:data1\" content=\"5\u00a0Minuten\" \/>\n<script type=\"application\/ld+json\" class=\"yoast-schema-graph\">{\"@context\":\"https:\/\/schema.org\",\"@graph\":[{\"@type\":\"WebPage\",\"@id\":\"https:\/\/kulturbau.ch\/ws19\/christian-j-kaeser\/\",\"url\":\"https:\/\/kulturbau.ch\/ws19\/christian-j-kaeser\/\",\"name\":\"Christian J. K\u00e4ser - Kulturbau GmbH\",\"isPartOf\":{\"@id\":\"https:\/\/kulturbau.ch\/ws19\/#website\"},\"datePublished\":\"2019-07-07T16:21:46+00:00\",\"dateModified\":\"2021-05-19T09:50:24+00:00\",\"description\":\"Musikalische Stegreif-Comedy mit Christian Johannes K\u00e4ser (alias Pumpernickel). Christian Johannes K\u00e4ser hat nur seinen Charme und eine Gitarre. Mehr braucht er nicht, um aus dem Moment heraus Songs und Geschichten zu spinnen.\",\"breadcrumb\":{\"@id\":\"https:\/\/kulturbau.ch\/ws19\/christian-j-kaeser\/#breadcrumb\"},\"inLanguage\":\"de-CH\",\"potentialAction\":[{\"@type\":\"ReadAction\",\"target\":[\"https:\/\/kulturbau.ch\/ws19\/christian-j-kaeser\/\"]}]},{\"@type\":\"BreadcrumbList\",\"@id\":\"https:\/\/kulturbau.ch\/ws19\/christian-j-kaeser\/#breadcrumb\",\"itemListElement\":[{\"@type\":\"ListItem\",\"position\":1,\"name\":\"Home\",\"item\":\"https:\/\/kulturbau.ch\/ws19\/\"},{\"@type\":\"ListItem\",\"position\":2,\"name\":\"Christian J. K\u00e4ser\"}]},{\"@type\":\"WebSite\",\"@id\":\"https:\/\/kulturbau.ch\/ws19\/#website\",\"url\":\"https:\/\/kulturbau.ch\/ws19\/\",\"name\":\"Kulturbau GmbH\",\"description\":\"K\u00fcnstlervermittlung &amp; Kulturproduktionen\",\"publisher\":{\"@id\":\"https:\/\/kulturbau.ch\/ws19\/#organization\"},\"potentialAction\":[{\"@type\":\"SearchAction\",\"target\":{\"@type\":\"EntryPoint\",\"urlTemplate\":\"https:\/\/kulturbau.ch\/ws19\/?s={search_term_string}\"},\"query-input\":{\"@type\":\"PropertyValueSpecification\",\"valueRequired\":true,\"valueName\":\"search_term_string\"}}],\"inLanguage\":\"de-CH\"},{\"@type\":\"Organization\",\"@id\":\"https:\/\/kulturbau.ch\/ws19\/#organization\",\"name\":\"Kulturbau GmbH\",\"url\":\"https:\/\/kulturbau.ch\/ws19\/\",\"logo\":{\"@type\":\"ImageObject\",\"inLanguage\":\"de-CH\",\"@id\":\"https:\/\/kulturbau.ch\/ws19\/#\/schema\/logo\/image\/\",\"url\":\"https:\/\/kulturbau.ch\/ws19\/wp-content\/uploads\/2019\/07\/kulturbau_logo.gif\",\"contentUrl\":\"https:\/\/kulturbau.ch\/ws19\/wp-content\/uploads\/2019\/07\/kulturbau_logo.gif\",\"width\":313,\"height\":58,\"caption\":\"Kulturbau GmbH\"},\"image\":{\"@id\":\"https:\/\/kulturbau.ch\/ws19\/#\/schema\/logo\/image\/\"},\"sameAs\":[\"https:\/\/www.facebook.com\/kulturbau\",\"https:\/\/www.instagram.com\/kulturbau_agentur\/\"]}]}<\/script>\n<!-- \/ Yoast SEO plugin. -->","yoast_head_json":{"title":"Christian J. K\u00e4ser - Kulturbau GmbH","description":"Musikalische Stegreif-Comedy mit Christian Johannes K\u00e4ser (alias Pumpernickel). Christian Johannes K\u00e4ser hat nur seinen Charme und eine Gitarre. Mehr braucht er nicht, um aus dem Moment heraus Songs und Geschichten zu spinnen.","robots":{"index":"index","follow":"follow","max-snippet":"max-snippet:-1","max-image-preview":"max-image-preview:large","max-video-preview":"max-video-preview:-1"},"canonical":"https:\/\/kulturbau.ch\/ws19\/christian-j-kaeser\/","og_locale":"de_DE","og_type":"article","og_title":"Christian J. K\u00e4ser - Kulturbau GmbH","og_description":"Musikalische Stegreif-Comedy mit Christian Johannes K\u00e4ser (alias Pumpernickel). Christian Johannes K\u00e4ser hat nur seinen Charme und eine Gitarre. Mehr braucht er nicht, um aus dem Moment heraus Songs und Geschichten zu spinnen.","og_url":"https:\/\/kulturbau.ch\/ws19\/christian-j-kaeser\/","og_site_name":"Kulturbau GmbH","article_publisher":"https:\/\/www.facebook.com\/kulturbau","article_modified_time":"2021-05-19T09:50:24+00:00","twitter_card":"summary_large_image","twitter_misc":{"Gesch\u00e4tzte Lesezeit":"5\u00a0Minuten"},"schema":{"@context":"https:\/\/schema.org","@graph":[{"@type":"WebPage","@id":"https:\/\/kulturbau.ch\/ws19\/christian-j-kaeser\/","url":"https:\/\/kulturbau.ch\/ws19\/christian-j-kaeser\/","name":"Christian J. K\u00e4ser - Kulturbau GmbH","isPartOf":{"@id":"https:\/\/kulturbau.ch\/ws19\/#website"},"datePublished":"2019-07-07T16:21:46+00:00","dateModified":"2021-05-19T09:50:24+00:00","description":"Musikalische Stegreif-Comedy mit Christian Johannes K\u00e4ser (alias Pumpernickel). Christian Johannes K\u00e4ser hat nur seinen Charme und eine Gitarre. Mehr braucht er nicht, um aus dem Moment heraus Songs und Geschichten zu spinnen.","breadcrumb":{"@id":"https:\/\/kulturbau.ch\/ws19\/christian-j-kaeser\/#breadcrumb"},"inLanguage":"de-CH","potentialAction":[{"@type":"ReadAction","target":["https:\/\/kulturbau.ch\/ws19\/christian-j-kaeser\/"]}]},{"@type":"BreadcrumbList","@id":"https:\/\/kulturbau.ch\/ws19\/christian-j-kaeser\/#breadcrumb","itemListElement":[{"@type":"ListItem","position":1,"name":"Home","item":"https:\/\/kulturbau.ch\/ws19\/"},{"@type":"ListItem","position":2,"name":"Christian J. K\u00e4ser"}]},{"@type":"WebSite","@id":"https:\/\/kulturbau.ch\/ws19\/#website","url":"https:\/\/kulturbau.ch\/ws19\/","name":"Kulturbau GmbH","description":"K\u00fcnstlervermittlung &amp; Kulturproduktionen","publisher":{"@id":"https:\/\/kulturbau.ch\/ws19\/#organization"},"potentialAction":[{"@type":"SearchAction","target":{"@type":"EntryPoint","urlTemplate":"https:\/\/kulturbau.ch\/ws19\/?s={search_term_string}"},"query-input":{"@type":"PropertyValueSpecification","valueRequired":true,"valueName":"search_term_string"}}],"inLanguage":"de-CH"},{"@type":"Organization","@id":"https:\/\/kulturbau.ch\/ws19\/#organization","name":"Kulturbau GmbH","url":"https:\/\/kulturbau.ch\/ws19\/","logo":{"@type":"ImageObject","inLanguage":"de-CH","@id":"https:\/\/kulturbau.ch\/ws19\/#\/schema\/logo\/image\/","url":"https:\/\/kulturbau.ch\/ws19\/wp-content\/uploads\/2019\/07\/kulturbau_logo.gif","contentUrl":"https:\/\/kulturbau.ch\/ws19\/wp-content\/uploads\/2019\/07\/kulturbau_logo.gif","width":313,"height":58,"caption":"Kulturbau GmbH"},"image":{"@id":"https:\/\/kulturbau.ch\/ws19\/#\/schema\/logo\/image\/"},"sameAs":["https:\/\/www.facebook.com\/kulturbau","https:\/\/www.instagram.com\/kulturbau_agentur\/"]}]}},"_links":{"self":[{"href":"https:\/\/kulturbau.ch\/ws19\/wp-json\/wp\/v2\/pages\/298","targetHints":{"allow":["GET"]}}],"collection":[{"href":"https:\/\/kulturbau.ch\/ws19\/wp-json\/wp\/v2\/pages"}],"about":[{"href":"https:\/\/kulturbau.ch\/ws19\/wp-json\/wp\/v2\/types\/page"}],"author":[{"embeddable":true,"href":"https:\/\/kulturbau.ch\/ws19\/wp-json\/wp\/v2\/users\/2"}],"replies":[{"embeddable":true,"href":"https:\/\/kulturbau.ch\/ws19\/wp-json\/wp\/v2\/comments?post=298"}],"version-history":[{"count":17,"href":"https:\/\/kulturbau.ch\/ws19\/wp-json\/wp\/v2\/pages\/298\/revisions"}],"predecessor-version":[{"id":4907,"href":"https:\/\/kulturbau.ch\/ws19\/wp-json\/wp\/v2\/pages\/298\/revisions\/4907"}],"wp:attachment":[{"href":"https:\/\/kulturbau.ch\/ws19\/wp-json\/wp\/v2\/media?parent=298"}],"curies":[{"name":"wp","href":"https:\/\/api.w.org\/{rel}","templated":true}]}}