{"id":5588,"date":"2022-02-28T08:01:43","date_gmt":"2022-02-28T07:01:43","guid":{"rendered":"https:\/\/kulturbau.ch\/ws19\/?post_type=mec-events&#038;p=5588"},"modified":"2022-02-28T08:14:01","modified_gmt":"2022-02-28T07:14:01","slug":"die-kroenung15","status":"publish","type":"mec-events","link":"https:\/\/kulturbau.ch\/ws19\/veranstaltungen\/die-kroenung15\/","title":{"rendered":"Die Kr\u00f6nung"},"content":{"rendered":"<p><strong>Offener B\u00fchnenvollzug mit Dominic Deville<\/strong><br \/>\n<strong>B\u00fchne frei f\u00fcr junge Kabaretthoffnungen, selbsternannte Gesangswunder, Hobbyzauberer und gestandene Profis!<\/strong><\/p>\n<p>Dominic Deville heisst alle willkommen, die etwas auf dem Kasten haben oder dies zumindest glauben. Und auch die Zuschauer befinden sich mit den K\u00fcnstlern auf der B\u00fchne \u2013 die intime Atmosph\u00e4re verspricht ein Comedy- und Theatererlebnis der besonderen Art. Den teilnehmenden K\u00fcnstlern gewiss sind eine wohlwollende Ank\u00fcndigung und eine herzliche Umarmung zum Schluss von Dominic Deville himself.<\/p>\n<p>Anmeldungen als K\u00fcnstler bis 18 Uhr am jeweiligen Tag an der Theaterkasse oder unter <a href=\"mailto:mettler@kulturbau.ch\">mettler@kulturbau.ch<\/a><\/p>\n","protected":false},"excerpt":{"rendered":"<p>Die Kr\u00f6nung<\/p>\n","protected":false},"author":3,"featured_media":3316,"comment_status":"closed","ping_status":"closed","template":"","tags":[],"mec_category":[95],"class_list":["post-5588","mec-events","type-mec-events","status-publish","has-post-thumbnail","hentry","mec_category-produktionen"],"yoast_head":"<!-- This site is optimized with the Yoast SEO plugin v27.1.1 - https:\/\/yoast.com\/product\/yoast-seo-wordpress\/ -->\n<title>Die Kr\u00f6nung - Kulturbau GmbH<\/title>\n<meta name=\"robots\" content=\"index, follow, max-snippet:-1, max-image-preview:large, max-video-preview:-1\" \/>\n<link rel=\"canonical\" href=\"https:\/\/kulturbau.ch\/ws19\/veranstaltungen\/die-kroenung15\/\" \/>\n<meta property=\"og:locale\" content=\"de_DE\" \/>\n<meta property=\"og:type\" content=\"article\" \/>\n<meta property=\"og:title\" content=\"Die Kr\u00f6nung - Kulturbau GmbH\" \/>\n<meta property=\"og:description\" content=\"Die Kr\u00f6nung\" \/>\n<meta property=\"og:url\" content=\"https:\/\/kulturbau.ch\/ws19\/veranstaltungen\/die-kroenung15\/\" \/>\n<meta property=\"og:site_name\" content=\"Kulturbau GmbH\" \/>\n<meta property=\"article:publisher\" content=\"https:\/\/www.facebook.com\/kulturbau\" \/>\n<meta property=\"article:modified_time\" content=\"2022-02-28T07:14:01+00:00\" \/>\n<meta property=\"og:image\" content=\"https:\/\/kulturbau.ch\/ws19\/wp-content\/uploads\/2020\/12\/box_kroenung.jpg\" \/>\n\t<meta property=\"og:image:width\" content=\"500\" \/>\n\t<meta property=\"og:image:height\" content=\"250\" \/>\n\t<meta property=\"og:image:type\" content=\"image\/jpeg\" \/>\n<meta name=\"twitter:card\" content=\"summary_large_image\" \/>\n<script type=\"application\/ld+json\" class=\"yoast-schema-graph\">{\"@context\":\"https:\/\/schema.org\",\"@graph\":[{\"@type\":\"WebPage\",\"@id\":\"https:\/\/kulturbau.ch\/ws19\/veranstaltungen\/die-kroenung15\/\",\"url\":\"https:\/\/kulturbau.ch\/ws19\/veranstaltungen\/die-kroenung15\/\",\"name\":\"Die Kr\u00f6nung - Kulturbau GmbH\",\"isPartOf\":{\"@id\":\"https:\/\/kulturbau.ch\/ws19\/#website\"},\"primaryImageOfPage\":{\"@id\":\"https:\/\/kulturbau.ch\/ws19\/veranstaltungen\/die-kroenung15\/#primaryimage\"},\"image\":{\"@id\":\"https:\/\/kulturbau.ch\/ws19\/veranstaltungen\/die-kroenung15\/#primaryimage\"},\"thumbnailUrl\":\"https:\/\/kulturbau.ch\/ws19\/wp-content\/uploads\/2020\/12\/box_kroenung.jpg\",\"datePublished\":\"2022-02-28T07:01:43+00:00\",\"dateModified\":\"2022-02-28T07:14:01+00:00\",\"breadcrumb\":{\"@id\":\"https:\/\/kulturbau.ch\/ws19\/veranstaltungen\/die-kroenung15\/#breadcrumb\"},\"inLanguage\":\"de-CH\",\"potentialAction\":[{\"@type\":\"ReadAction\",\"target\":[\"https:\/\/kulturbau.ch\/ws19\/veranstaltungen\/die-kroenung15\/\"]}]},{\"@type\":\"ImageObject\",\"inLanguage\":\"de-CH\",\"@id\":\"https:\/\/kulturbau.ch\/ws19\/veranstaltungen\/die-kroenung15\/#primaryimage\",\"url\":\"https:\/\/kulturbau.ch\/ws19\/wp-content\/uploads\/2020\/12\/box_kroenung.jpg\",\"contentUrl\":\"https:\/\/kulturbau.ch\/ws19\/wp-content\/uploads\/2020\/12\/box_kroenung.jpg\",\"width\":500,\"height\":250},{\"@type\":\"BreadcrumbList\",\"@id\":\"https:\/\/kulturbau.ch\/ws19\/veranstaltungen\/die-kroenung15\/#breadcrumb\",\"itemListElement\":[{\"@type\":\"ListItem\",\"position\":1,\"name\":\"Home\",\"item\":\"https:\/\/kulturbau.ch\/ws19\/\"},{\"@type\":\"ListItem\",\"position\":2,\"name\":\"Events\",\"item\":\"https:\/\/kulturbau.ch\/ws19\/veranstaltungen\/\"},{\"@type\":\"ListItem\",\"position\":3,\"name\":\"Die Kr\u00f6nung\"}]},{\"@type\":\"WebSite\",\"@id\":\"https:\/\/kulturbau.ch\/ws19\/#website\",\"url\":\"https:\/\/kulturbau.ch\/ws19\/\",\"name\":\"Kulturbau GmbH\",\"description\":\"K\u00fcnstlervermittlung &amp; Kulturproduktionen\",\"publisher\":{\"@id\":\"https:\/\/kulturbau.ch\/ws19\/#organization\"},\"potentialAction\":[{\"@type\":\"SearchAction\",\"target\":{\"@type\":\"EntryPoint\",\"urlTemplate\":\"https:\/\/kulturbau.ch\/ws19\/?s={search_term_string}\"},\"query-input\":{\"@type\":\"PropertyValueSpecification\",\"valueRequired\":true,\"valueName\":\"search_term_string\"}}],\"inLanguage\":\"de-CH\"},{\"@type\":\"Organization\",\"@id\":\"https:\/\/kulturbau.ch\/ws19\/#organization\",\"name\":\"Kulturbau GmbH\",\"url\":\"https:\/\/kulturbau.ch\/ws19\/\",\"logo\":{\"@type\":\"ImageObject\",\"inLanguage\":\"de-CH\",\"@id\":\"https:\/\/kulturbau.ch\/ws19\/#\/schema\/logo\/image\/\",\"url\":\"https:\/\/kulturbau.ch\/ws19\/wp-content\/uploads\/2019\/07\/kulturbau_logo.gif\",\"contentUrl\":\"https:\/\/kulturbau.ch\/ws19\/wp-content\/uploads\/2019\/07\/kulturbau_logo.gif\",\"width\":313,\"height\":58,\"caption\":\"Kulturbau GmbH\"},\"image\":{\"@id\":\"https:\/\/kulturbau.ch\/ws19\/#\/schema\/logo\/image\/\"},\"sameAs\":[\"https:\/\/www.facebook.com\/kulturbau\",\"https:\/\/www.instagram.com\/kulturbau_agentur\/\"]}]}<\/script>\n<!-- \/ Yoast SEO plugin. -->","yoast_head_json":{"title":"Die Kr\u00f6nung - Kulturbau GmbH","robots":{"index":"index","follow":"follow","max-snippet":"max-snippet:-1","max-image-preview":"max-image-preview:large","max-video-preview":"max-video-preview:-1"},"canonical":"https:\/\/kulturbau.ch\/ws19\/veranstaltungen\/die-kroenung15\/","og_locale":"de_DE","og_type":"article","og_title":"Die Kr\u00f6nung - Kulturbau GmbH","og_description":"Die Kr\u00f6nung","og_url":"https:\/\/kulturbau.ch\/ws19\/veranstaltungen\/die-kroenung15\/","og_site_name":"Kulturbau GmbH","article_publisher":"https:\/\/www.facebook.com\/kulturbau","article_modified_time":"2022-02-28T07:14:01+00:00","og_image":[{"width":500,"height":250,"url":"https:\/\/kulturbau.ch\/ws19\/wp-content\/uploads\/2020\/12\/box_kroenung.jpg","type":"image\/jpeg"}],"twitter_card":"summary_large_image","schema":{"@context":"https:\/\/schema.org","@graph":[{"@type":"WebPage","@id":"https:\/\/kulturbau.ch\/ws19\/veranstaltungen\/die-kroenung15\/","url":"https:\/\/kulturbau.ch\/ws19\/veranstaltungen\/die-kroenung15\/","name":"Die Kr\u00f6nung - Kulturbau GmbH","isPartOf":{"@id":"https:\/\/kulturbau.ch\/ws19\/#website"},"primaryImageOfPage":{"@id":"https:\/\/kulturbau.ch\/ws19\/veranstaltungen\/die-kroenung15\/#primaryimage"},"image":{"@id":"https:\/\/kulturbau.ch\/ws19\/veranstaltungen\/die-kroenung15\/#primaryimage"},"thumbnailUrl":"https:\/\/kulturbau.ch\/ws19\/wp-content\/uploads\/2020\/12\/box_kroenung.jpg","datePublished":"2022-02-28T07:01:43+00:00","dateModified":"2022-02-28T07:14:01+00:00","breadcrumb":{"@id":"https:\/\/kulturbau.ch\/ws19\/veranstaltungen\/die-kroenung15\/#breadcrumb"},"inLanguage":"de-CH","potentialAction":[{"@type":"ReadAction","target":["https:\/\/kulturbau.ch\/ws19\/veranstaltungen\/die-kroenung15\/"]}]},{"@type":"ImageObject","inLanguage":"de-CH","@id":"https:\/\/kulturbau.ch\/ws19\/veranstaltungen\/die-kroenung15\/#primaryimage","url":"https:\/\/kulturbau.ch\/ws19\/wp-content\/uploads\/2020\/12\/box_kroenung.jpg","contentUrl":"https:\/\/kulturbau.ch\/ws19\/wp-content\/uploads\/2020\/12\/box_kroenung.jpg","width":500,"height":250},{"@type":"BreadcrumbList","@id":"https:\/\/kulturbau.ch\/ws19\/veranstaltungen\/die-kroenung15\/#breadcrumb","itemListElement":[{"@type":"ListItem","position":1,"name":"Home","item":"https:\/\/kulturbau.ch\/ws19\/"},{"@type":"ListItem","position":2,"name":"Events","item":"https:\/\/kulturbau.ch\/ws19\/veranstaltungen\/"},{"@type":"ListItem","position":3,"name":"Die Kr\u00f6nung"}]},{"@type":"WebSite","@id":"https:\/\/kulturbau.ch\/ws19\/#website","url":"https:\/\/kulturbau.ch\/ws19\/","name":"Kulturbau GmbH","description":"K\u00fcnstlervermittlung &amp; Kulturproduktionen","publisher":{"@id":"https:\/\/kulturbau.ch\/ws19\/#organization"},"potentialAction":[{"@type":"SearchAction","target":{"@type":"EntryPoint","urlTemplate":"https:\/\/kulturbau.ch\/ws19\/?s={search_term_string}"},"query-input":{"@type":"PropertyValueSpecification","valueRequired":true,"valueName":"search_term_string"}}],"inLanguage":"de-CH"},{"@type":"Organization","@id":"https:\/\/kulturbau.ch\/ws19\/#organization","name":"Kulturbau GmbH","url":"https:\/\/kulturbau.ch\/ws19\/","logo":{"@type":"ImageObject","inLanguage":"de-CH","@id":"https:\/\/kulturbau.ch\/ws19\/#\/schema\/logo\/image\/","url":"https:\/\/kulturbau.ch\/ws19\/wp-content\/uploads\/2019\/07\/kulturbau_logo.gif","contentUrl":"https:\/\/kulturbau.ch\/ws19\/wp-content\/uploads\/2019\/07\/kulturbau_logo.gif","width":313,"height":58,"caption":"Kulturbau GmbH"},"image":{"@id":"https:\/\/kulturbau.ch\/ws19\/#\/schema\/logo\/image\/"},"sameAs":["https:\/\/www.facebook.com\/kulturbau","https:\/\/www.instagram.com\/kulturbau_agentur\/"]}]}},"_links":{"self":[{"href":"https:\/\/kulturbau.ch\/ws19\/wp-json\/wp\/v2\/mec-events\/5588","targetHints":{"allow":["GET"]}}],"collection":[{"href":"https:\/\/kulturbau.ch\/ws19\/wp-json\/wp\/v2\/mec-events"}],"about":[{"href":"https:\/\/kulturbau.ch\/ws19\/wp-json\/wp\/v2\/types\/mec-events"}],"author":[{"embeddable":true,"href":"https:\/\/kulturbau.ch\/ws19\/wp-json\/wp\/v2\/users\/3"}],"replies":[{"embeddable":true,"href":"https:\/\/kulturbau.ch\/ws19\/wp-json\/wp\/v2\/comments?post=5588"}],"version-history":[{"count":1,"href":"https:\/\/kulturbau.ch\/ws19\/wp-json\/wp\/v2\/mec-events\/5588\/revisions"}],"predecessor-version":[{"id":5589,"href":"https:\/\/kulturbau.ch\/ws19\/wp-json\/wp\/v2\/mec-events\/5588\/revisions\/5589"}],"wp:featuredmedia":[{"embeddable":true,"href":"https:\/\/kulturbau.ch\/ws19\/wp-json\/wp\/v2\/media\/3316"}],"wp:attachment":[{"href":"https:\/\/kulturbau.ch\/ws19\/wp-json\/wp\/v2\/media?parent=5588"}],"wp:term":[{"taxonomy":"post_tag","embeddable":true,"href":"https:\/\/kulturbau.ch\/ws19\/wp-json\/wp\/v2\/tags?post=5588"},{"taxonomy":"mec_category","embeddable":true,"href":"https:\/\/kulturbau.ch\/ws19\/wp-json\/wp\/v2\/mec_category?post=5588"}],"curies":[{"name":"wp","href":"https:\/\/api.w.org\/{rel}","templated":true}]}}

Die Krönung

<p><strong>Offener Bühnenvollzug mit Dominic Deville</strong><br />
<strong>Bühne frei für junge Kabaretthoffnungen, selbsternannte Gesangswunder, Hobbyzauberer und gestandene Profis!</strong></p>
<p>Dominic Deville heisst alle willkommen, die etwas auf dem Kasten haben oder dies zumindest glauben. Und auch die Zuschauer befinden sich mit den Künstlern auf der Bühne – die intime Atmosphäre verspricht ein Comedy- und Theatererlebnis der besonderen Art. Den teilnehmenden Künstlern gewiss sind eine wohlwollende Ankündigung und eine herzliche Umarmung zum Schluss von Dominic Deville himself.</p>
<p>Anmeldungen als Künstler bis 18 Uhr am jeweiligen Tag an der Theaterkasse oder unter <a href="mailto:mettler@kulturbau.ch">mettler@kulturbau.ch</a></p>

<p>Die Krönung</p>

<!-- This site is optimized with the Yoast SEO plugin v27.1.1 - https://yoast.com/product/yoast-seo-wordpress/ -->
<title>Die Krönung - Kulturbau GmbH</title>
<meta name="robots" content="index, follow, max-snippet:-1, max-image-preview:large, max-video-preview:-1" />
<link rel="canonical" href="https://kulturbau.ch/ws19/veranstaltungen/die-kroenung15/" />
<meta property="og:locale" content="de_DE" />
<meta property="og:type" content="article" />
<meta property="og:title" content="Die Krönung - Kulturbau GmbH" />
<meta property="og:description" content="Die Krönung" />
<meta property="og:url" content="https://kulturbau.ch/ws19/veranstaltungen/die-kroenung15/" />
<meta property="og:site_name" content="Kulturbau GmbH" />
<meta property="article:publisher" content="https://www.facebook.com/kulturbau" />
<meta property="article:modified_time" content="2022-02-28T07:14:01+00:00" />
<meta property="og:image" content="https://kulturbau.ch/ws19/wp-content/uploads/2020/12/box_kroenung.jpg" />
	<meta property="og:image:width" content="500" />
	<meta property="og:image:height" content="250" />
	<meta property="og:image:type" content="image/jpeg" />
<meta name="twitter:card" content="summary_large_image" />
<script type="application/ld+json" class="yoast-schema-graph">{"@context":"https://schema.org","@graph":[{"@type":"WebPage","@id":"https://kulturbau.ch/ws19/veranstaltungen/die-kroenung15/","url":"https://kulturbau.ch/ws19/veranstaltungen/die-kroenung15/","name":"Die Krönung - Kulturbau GmbH","isPartOf":{"@id":"https://kulturbau.ch/ws19/#website"},"primaryImageOfPage":{"@id":"https://kulturbau.ch/ws19/veranstaltungen/die-kroenung15/#primaryimage"},"image":{"@id":"https://kulturbau.ch/ws19/veranstaltungen/die-kroenung15/#primaryimage"},"thumbnailUrl":"https://kulturbau.ch/ws19/wp-content/uploads/2020/12/box_kroenung.jpg","datePublished":"2022-02-28T07:01:43+00:00","dateModified":"2022-02-28T07:14:01+00:00","breadcrumb":{"@id":"https://kulturbau.ch/ws19/veranstaltungen/die-kroenung15/#breadcrumb"},"inLanguage":"de-CH","potentialAction":[{"@type":"ReadAction","target":["https://kulturbau.ch/ws19/veranstaltungen/die-kroenung15/"]}]},{"@type":"ImageObject","inLanguage":"de-CH","@id":"https://kulturbau.ch/ws19/veranstaltungen/die-kroenung15/#primaryimage","url":"https://kulturbau.ch/ws19/wp-content/uploads/2020/12/box_kroenung.jpg","contentUrl":"https://kulturbau.ch/ws19/wp-content/uploads/2020/12/box_kroenung.jpg","width":500,"height":250},{"@type":"BreadcrumbList","@id":"https://kulturbau.ch/ws19/veranstaltungen/die-kroenung15/#breadcrumb","itemListElement":[{"@type":"ListItem","position":1,"name":"Home","item":"https://kulturbau.ch/ws19/"},{"@type":"ListItem","position":2,"name":"Events","item":"https://kulturbau.ch/ws19/veranstaltungen/"},{"@type":"ListItem","position":3,"name":"Die Krönung"}]},{"@type":"WebSite","@id":"https://kulturbau.ch/ws19/#website","url":"https://kulturbau.ch/ws19/","name":"Kulturbau GmbH","description":"Künstlervermittlung &amp; Kulturproduktionen","publisher":{"@id":"https://kulturbau.ch/ws19/#organization"},"potentialAction":[{"@type":"SearchAction","target":{"@type":"EntryPoint","urlTemplate":"https://kulturbau.ch/ws19/?s={search_term_string}"},"query-input":{"@type":"PropertyValueSpecification","valueRequired":true,"valueName":"search_term_string"}}],"inLanguage":"de-CH"},{"@type":"Organization","@id":"https://kulturbau.ch/ws19/#organization","name":"Kulturbau GmbH","url":"https://kulturbau.ch/ws19/","logo":{"@type":"ImageObject","inLanguage":"de-CH","@id":"https://kulturbau.ch/ws19/#/schema/logo/image/","url":"https://kulturbau.ch/ws19/wp-content/uploads/2019/07/kulturbau_logo.gif","contentUrl":"https://kulturbau.ch/ws19/wp-content/uploads/2019/07/kulturbau_logo.gif","width":313,"height":58,"caption":"Kulturbau GmbH"},"image":{"@id":"https://kulturbau.ch/ws19/#/schema/logo/image/"},"sameAs":["https://www.facebook.com/kulturbau","https://www.instagram.com/kulturbau_agentur/"]}]}</script>
<!-- / Yoast SEO plugin. -->

Die Krönung - Kulturbau GmbH

Künstlervermittlung &amp; Kulturproduktionen
