{"id":3535,"date":"2021-01-15T18:57:31","date_gmt":"2021-01-15T17:57:31","guid":{"rendered":"https:\/\/kulturbau.ch\/ws19\/?post_type=mec-events&#038;p=3535"},"modified":"2021-02-02T14:08:12","modified_gmt":"2021-02-02T13:08:12","slug":"9-volt-nelly-baeng-baeng-baeng","status":"publish","type":"mec-events","link":"https:\/\/kulturbau.ch\/ws19\/veranstaltungen\/9-volt-nelly-baeng-baeng-baeng\/","title":{"rendered":"9 VOLT NELLY \u2013 \u00abB\u00e4ng! B\u00e4ng! B\u00e4ng!\u00bb"},"content":{"rendered":"<p>Eine elektrisierende Ladung Satire, gepaart mit Musik, Theater und reichlich Nonsense mit Lea Whitcher und Jane Mumford.<\/p>\n<p>Zwei furchtlose Ex-Beauty-Queens aus Texas lassen ihr altes, tristes Leben mit einem Knall zur\u00fcck. Nun m\u00f6chten sie im magischen \u201cSwederland\u201d ihre Tr\u00e4ume wahr werden lassen: Ber\u00fchmte Singer-Songwriterinnen werden, den Pegel halten und ganz nebenbei die grosse Liebe finden. Doch der Roadtrip zur Emanzipation lehrt sie schnell: das Leben ist hart \u2013 und der urbane Lifestyle h\u00e4rter. 9 Volt Nelly hinterfragen lustvoll, b\u00f6se und mit jeder Menge Eierstock-Country die T\u00fccken moderner Rollenbilder und unser Streben nach der sogenannten Freiheit.<\/p>\n<p>Als \u201cWhiskey Sisters\u201d ballern und balladieren sich Whitcher und Mumford zusammen mit dem Publikum durch den Abend. Bewaffnet sind sie mit Gitarre, Steckenpferd und einem Optimismus, der sogar die brutalste Realit\u00e4t unter den Tisch trinken kann.<\/p>\n","protected":false},"excerpt":{"rendered":"<p>\u00abB\u00e4ng! B\u00e4ng! B\u00e4ng!\u00bb<\/p>\n","protected":false},"author":3,"featured_media":2577,"comment_status":"closed","ping_status":"closed","template":"","tags":[94,75],"mec_category":[85,109],"class_list":["post-3535","mec-events","type-mec-events","status-publish","has-post-thumbnail","hentry","tag-9-volt-nelly","tag-comedy","mec_category-9voltnelly","mec_category-kuenstler-in"],"yoast_head":"<!-- This site is optimized with the Yoast SEO plugin v27.1.1 - https:\/\/yoast.com\/product\/yoast-seo-wordpress\/ -->\n<title>9 VOLT NELLY \u2013 \u00abB\u00e4ng! B\u00e4ng! B\u00e4ng!\u00bb - Kulturbau GmbH<\/title>\n<meta name=\"description\" content=\"Show mit 9 Volt Nelly\" \/>\n<meta name=\"robots\" content=\"index, follow, max-snippet:-1, max-image-preview:large, max-video-preview:-1\" \/>\n<link rel=\"canonical\" href=\"https:\/\/kulturbau.ch\/ws19\/veranstaltungen\/9-volt-nelly-baeng-baeng-baeng\/\" \/>\n<meta property=\"og:locale\" content=\"de_DE\" \/>\n<meta property=\"og:type\" content=\"article\" \/>\n<meta property=\"og:title\" content=\"9 VOLT NELLY \u2013 \u00abB\u00e4ng! B\u00e4ng! B\u00e4ng!\u00bb - Kulturbau GmbH\" \/>\n<meta property=\"og:description\" content=\"Show mit 9 Volt Nelly\" \/>\n<meta property=\"og:url\" content=\"https:\/\/kulturbau.ch\/ws19\/veranstaltungen\/9-volt-nelly-baeng-baeng-baeng\/\" \/>\n<meta property=\"og:site_name\" content=\"Kulturbau GmbH\" \/>\n<meta property=\"article:publisher\" content=\"https:\/\/www.facebook.com\/kulturbau\" \/>\n<meta property=\"article:modified_time\" content=\"2021-02-02T13:08:12+00:00\" \/>\n<meta property=\"og:image\" content=\"https:\/\/kulturbau.ch\/ws19\/wp-content\/uploads\/2020\/03\/B\u00e4ng_Flyer_A6.jpg\" \/>\n\t<meta property=\"og:image:width\" content=\"412\" \/>\n\t<meta property=\"og:image:height\" content=\"585\" \/>\n\t<meta property=\"og:image:type\" content=\"image\/jpeg\" \/>\n<meta name=\"twitter:card\" content=\"summary_large_image\" \/>\n<meta name=\"twitter:label1\" content=\"Gesch\u00e4tzte Lesezeit\" \/>\n\t<meta name=\"twitter:data1\" content=\"1\u00a0Minute\" \/>\n<script type=\"application\/ld+json\" class=\"yoast-schema-graph\">{\"@context\":\"https:\/\/schema.org\",\"@graph\":[{\"@type\":\"WebPage\",\"@id\":\"https:\/\/kulturbau.ch\/ws19\/veranstaltungen\/9-volt-nelly-baeng-baeng-baeng\/\",\"url\":\"https:\/\/kulturbau.ch\/ws19\/veranstaltungen\/9-volt-nelly-baeng-baeng-baeng\/\",\"name\":\"9 VOLT NELLY \u2013 \u00abB\u00e4ng! B\u00e4ng! B\u00e4ng!\u00bb - Kulturbau GmbH\",\"isPartOf\":{\"@id\":\"https:\/\/kulturbau.ch\/ws19\/#website\"},\"primaryImageOfPage\":{\"@id\":\"https:\/\/kulturbau.ch\/ws19\/veranstaltungen\/9-volt-nelly-baeng-baeng-baeng\/#primaryimage\"},\"image\":{\"@id\":\"https:\/\/kulturbau.ch\/ws19\/veranstaltungen\/9-volt-nelly-baeng-baeng-baeng\/#primaryimage\"},\"thumbnailUrl\":\"https:\/\/kulturbau.ch\/ws19\/wp-content\/uploads\/2020\/03\/B\u00e4ng_Flyer_A6.jpg\",\"datePublished\":\"2021-01-15T17:57:31+00:00\",\"dateModified\":\"2021-02-02T13:08:12+00:00\",\"description\":\"Show mit 9 Volt Nelly\",\"breadcrumb\":{\"@id\":\"https:\/\/kulturbau.ch\/ws19\/veranstaltungen\/9-volt-nelly-baeng-baeng-baeng\/#breadcrumb\"},\"inLanguage\":\"de-CH\",\"potentialAction\":[{\"@type\":\"ReadAction\",\"target\":[\"https:\/\/kulturbau.ch\/ws19\/veranstaltungen\/9-volt-nelly-baeng-baeng-baeng\/\"]}]},{\"@type\":\"ImageObject\",\"inLanguage\":\"de-CH\",\"@id\":\"https:\/\/kulturbau.ch\/ws19\/veranstaltungen\/9-volt-nelly-baeng-baeng-baeng\/#primaryimage\",\"url\":\"https:\/\/kulturbau.ch\/ws19\/wp-content\/uploads\/2020\/03\/B\u00e4ng_Flyer_A6.jpg\",\"contentUrl\":\"https:\/\/kulturbau.ch\/ws19\/wp-content\/uploads\/2020\/03\/B\u00e4ng_Flyer_A6.jpg\",\"width\":412,\"height\":585,\"caption\":\"9 Volt Nelly\"},{\"@type\":\"BreadcrumbList\",\"@id\":\"https:\/\/kulturbau.ch\/ws19\/veranstaltungen\/9-volt-nelly-baeng-baeng-baeng\/#breadcrumb\",\"itemListElement\":[{\"@type\":\"ListItem\",\"position\":1,\"name\":\"Home\",\"item\":\"https:\/\/kulturbau.ch\/ws19\/\"},{\"@type\":\"ListItem\",\"position\":2,\"name\":\"Events\",\"item\":\"https:\/\/kulturbau.ch\/ws19\/veranstaltungen\/\"},{\"@type\":\"ListItem\",\"position\":3,\"name\":\"9 VOLT NELLY \u2013 \u00abB\u00e4ng! B\u00e4ng! B\u00e4ng!\u00bb\"}]},{\"@type\":\"WebSite\",\"@id\":\"https:\/\/kulturbau.ch\/ws19\/#website\",\"url\":\"https:\/\/kulturbau.ch\/ws19\/\",\"name\":\"Kulturbau GmbH\",\"description\":\"K\u00fcnstlervermittlung &amp; Kulturproduktionen\",\"publisher\":{\"@id\":\"https:\/\/kulturbau.ch\/ws19\/#organization\"},\"potentialAction\":[{\"@type\":\"SearchAction\",\"target\":{\"@type\":\"EntryPoint\",\"urlTemplate\":\"https:\/\/kulturbau.ch\/ws19\/?s={search_term_string}\"},\"query-input\":{\"@type\":\"PropertyValueSpecification\",\"valueRequired\":true,\"valueName\":\"search_term_string\"}}],\"inLanguage\":\"de-CH\"},{\"@type\":\"Organization\",\"@id\":\"https:\/\/kulturbau.ch\/ws19\/#organization\",\"name\":\"Kulturbau GmbH\",\"url\":\"https:\/\/kulturbau.ch\/ws19\/\",\"logo\":{\"@type\":\"ImageObject\",\"inLanguage\":\"de-CH\",\"@id\":\"https:\/\/kulturbau.ch\/ws19\/#\/schema\/logo\/image\/\",\"url\":\"https:\/\/kulturbau.ch\/ws19\/wp-content\/uploads\/2019\/07\/kulturbau_logo.gif\",\"contentUrl\":\"https:\/\/kulturbau.ch\/ws19\/wp-content\/uploads\/2019\/07\/kulturbau_logo.gif\",\"width\":313,\"height\":58,\"caption\":\"Kulturbau GmbH\"},\"image\":{\"@id\":\"https:\/\/kulturbau.ch\/ws19\/#\/schema\/logo\/image\/\"},\"sameAs\":[\"https:\/\/www.facebook.com\/kulturbau\",\"https:\/\/www.instagram.com\/kulturbau_agentur\/\"]}]}<\/script>\n<!-- \/ Yoast SEO plugin. -->","yoast_head_json":{"title":"9 VOLT NELLY \u2013 \u00abB\u00e4ng! B\u00e4ng! B\u00e4ng!\u00bb - Kulturbau GmbH","description":"Show mit 9 Volt Nelly","robots":{"index":"index","follow":"follow","max-snippet":"max-snippet:-1","max-image-preview":"max-image-preview:large","max-video-preview":"max-video-preview:-1"},"canonical":"https:\/\/kulturbau.ch\/ws19\/veranstaltungen\/9-volt-nelly-baeng-baeng-baeng\/","og_locale":"de_DE","og_type":"article","og_title":"9 VOLT NELLY \u2013 \u00abB\u00e4ng! B\u00e4ng! B\u00e4ng!\u00bb - Kulturbau GmbH","og_description":"Show mit 9 Volt Nelly","og_url":"https:\/\/kulturbau.ch\/ws19\/veranstaltungen\/9-volt-nelly-baeng-baeng-baeng\/","og_site_name":"Kulturbau GmbH","article_publisher":"https:\/\/www.facebook.com\/kulturbau","article_modified_time":"2021-02-02T13:08:12+00:00","og_image":[{"width":412,"height":585,"url":"https:\/\/kulturbau.ch\/ws19\/wp-content\/uploads\/2020\/03\/B\u00e4ng_Flyer_A6.jpg","type":"image\/jpeg"}],"twitter_card":"summary_large_image","twitter_misc":{"Gesch\u00e4tzte Lesezeit":"1\u00a0Minute"},"schema":{"@context":"https:\/\/schema.org","@graph":[{"@type":"WebPage","@id":"https:\/\/kulturbau.ch\/ws19\/veranstaltungen\/9-volt-nelly-baeng-baeng-baeng\/","url":"https:\/\/kulturbau.ch\/ws19\/veranstaltungen\/9-volt-nelly-baeng-baeng-baeng\/","name":"9 VOLT NELLY \u2013 \u00abB\u00e4ng! B\u00e4ng! B\u00e4ng!\u00bb - Kulturbau GmbH","isPartOf":{"@id":"https:\/\/kulturbau.ch\/ws19\/#website"},"primaryImageOfPage":{"@id":"https:\/\/kulturbau.ch\/ws19\/veranstaltungen\/9-volt-nelly-baeng-baeng-baeng\/#primaryimage"},"image":{"@id":"https:\/\/kulturbau.ch\/ws19\/veranstaltungen\/9-volt-nelly-baeng-baeng-baeng\/#primaryimage"},"thumbnailUrl":"https:\/\/kulturbau.ch\/ws19\/wp-content\/uploads\/2020\/03\/B\u00e4ng_Flyer_A6.jpg","datePublished":"2021-01-15T17:57:31+00:00","dateModified":"2021-02-02T13:08:12+00:00","description":"Show mit 9 Volt Nelly","breadcrumb":{"@id":"https:\/\/kulturbau.ch\/ws19\/veranstaltungen\/9-volt-nelly-baeng-baeng-baeng\/#breadcrumb"},"inLanguage":"de-CH","potentialAction":[{"@type":"ReadAction","target":["https:\/\/kulturbau.ch\/ws19\/veranstaltungen\/9-volt-nelly-baeng-baeng-baeng\/"]}]},{"@type":"ImageObject","inLanguage":"de-CH","@id":"https:\/\/kulturbau.ch\/ws19\/veranstaltungen\/9-volt-nelly-baeng-baeng-baeng\/#primaryimage","url":"https:\/\/kulturbau.ch\/ws19\/wp-content\/uploads\/2020\/03\/B\u00e4ng_Flyer_A6.jpg","contentUrl":"https:\/\/kulturbau.ch\/ws19\/wp-content\/uploads\/2020\/03\/B\u00e4ng_Flyer_A6.jpg","width":412,"height":585,"caption":"9 Volt Nelly"},{"@type":"BreadcrumbList","@id":"https:\/\/kulturbau.ch\/ws19\/veranstaltungen\/9-volt-nelly-baeng-baeng-baeng\/#breadcrumb","itemListElement":[{"@type":"ListItem","position":1,"name":"Home","item":"https:\/\/kulturbau.ch\/ws19\/"},{"@type":"ListItem","position":2,"name":"Events","item":"https:\/\/kulturbau.ch\/ws19\/veranstaltungen\/"},{"@type":"ListItem","position":3,"name":"9 VOLT NELLY \u2013 \u00abB\u00e4ng! B\u00e4ng! B\u00e4ng!\u00bb"}]},{"@type":"WebSite","@id":"https:\/\/kulturbau.ch\/ws19\/#website","url":"https:\/\/kulturbau.ch\/ws19\/","name":"Kulturbau GmbH","description":"K\u00fcnstlervermittlung &amp; Kulturproduktionen","publisher":{"@id":"https:\/\/kulturbau.ch\/ws19\/#organization"},"potentialAction":[{"@type":"SearchAction","target":{"@type":"EntryPoint","urlTemplate":"https:\/\/kulturbau.ch\/ws19\/?s={search_term_string}"},"query-input":{"@type":"PropertyValueSpecification","valueRequired":true,"valueName":"search_term_string"}}],"inLanguage":"de-CH"},{"@type":"Organization","@id":"https:\/\/kulturbau.ch\/ws19\/#organization","name":"Kulturbau GmbH","url":"https:\/\/kulturbau.ch\/ws19\/","logo":{"@type":"ImageObject","inLanguage":"de-CH","@id":"https:\/\/kulturbau.ch\/ws19\/#\/schema\/logo\/image\/","url":"https:\/\/kulturbau.ch\/ws19\/wp-content\/uploads\/2019\/07\/kulturbau_logo.gif","contentUrl":"https:\/\/kulturbau.ch\/ws19\/wp-content\/uploads\/2019\/07\/kulturbau_logo.gif","width":313,"height":58,"caption":"Kulturbau GmbH"},"image":{"@id":"https:\/\/kulturbau.ch\/ws19\/#\/schema\/logo\/image\/"},"sameAs":["https:\/\/www.facebook.com\/kulturbau","https:\/\/www.instagram.com\/kulturbau_agentur\/"]}]}},"_links":{"self":[{"href":"https:\/\/kulturbau.ch\/ws19\/wp-json\/wp\/v2\/mec-events\/3535","targetHints":{"allow":["GET"]}}],"collection":[{"href":"https:\/\/kulturbau.ch\/ws19\/wp-json\/wp\/v2\/mec-events"}],"about":[{"href":"https:\/\/kulturbau.ch\/ws19\/wp-json\/wp\/v2\/types\/mec-events"}],"author":[{"embeddable":true,"href":"https:\/\/kulturbau.ch\/ws19\/wp-json\/wp\/v2\/users\/3"}],"replies":[{"embeddable":true,"href":"https:\/\/kulturbau.ch\/ws19\/wp-json\/wp\/v2\/comments?post=3535"}],"version-history":[{"count":3,"href":"https:\/\/kulturbau.ch\/ws19\/wp-json\/wp\/v2\/mec-events\/3535\/revisions"}],"predecessor-version":[{"id":4187,"href":"https:\/\/kulturbau.ch\/ws19\/wp-json\/wp\/v2\/mec-events\/3535\/revisions\/4187"}],"wp:featuredmedia":[{"embeddable":true,"href":"https:\/\/kulturbau.ch\/ws19\/wp-json\/wp\/v2\/media\/2577"}],"wp:attachment":[{"href":"https:\/\/kulturbau.ch\/ws19\/wp-json\/wp\/v2\/media?parent=3535"}],"wp:term":[{"taxonomy":"post_tag","embeddable":true,"href":"https:\/\/kulturbau.ch\/ws19\/wp-json\/wp\/v2\/tags?post=3535"},{"taxonomy":"mec_category","embeddable":true,"href":"https:\/\/kulturbau.ch\/ws19\/wp-json\/wp\/v2\/mec_category?post=3535"}],"curies":[{"name":"wp","href":"https:\/\/api.w.org\/{rel}","templated":true}]}}

9 VOLT NELLY – «Bäng! Bäng! Bäng!»

<p>Eine elektrisierende Ladung Satire, gepaart mit Musik, Theater und reichlich Nonsense mit Lea Whitcher und Jane Mumford.</p>
<p>Zwei furchtlose Ex-Beauty-Queens aus Texas lassen ihr altes, tristes Leben mit einem Knall zurück. Nun möchten sie im magischen “Swederland” ihre Träume wahr werden lassen: Berühmte Singer-Songwriterinnen werden, den Pegel halten und ganz nebenbei die grosse Liebe finden. Doch der Roadtrip zur Emanzipation lehrt sie schnell: das Leben ist hart – und der urbane Lifestyle härter. 9 Volt Nelly hinterfragen lustvoll, böse und mit jeder Menge Eierstock-Country die Tücken moderner Rollenbilder und unser Streben nach der sogenannten Freiheit.</p>
<p>Als “Whiskey Sisters” ballern und balladieren sich Whitcher und Mumford zusammen mit dem Publikum durch den Abend. Bewaffnet sind sie mit Gitarre, Steckenpferd und einem Optimismus, der sogar die brutalste Realität unter den Tisch trinken kann.</p>

<p>«Bäng! Bäng! Bäng!»</p>

<!-- This site is optimized with the Yoast SEO plugin v27.1.1 - https://yoast.com/product/yoast-seo-wordpress/ -->
<title>9 VOLT NELLY – «Bäng! Bäng! Bäng!» - Kulturbau GmbH</title>
<meta name="description" content="Show mit 9 Volt Nelly" />
<meta name="robots" content="index, follow, max-snippet:-1, max-image-preview:large, max-video-preview:-1" />
<link rel="canonical" href="https://kulturbau.ch/ws19/veranstaltungen/9-volt-nelly-baeng-baeng-baeng/" />
<meta property="og:locale" content="de_DE" />
<meta property="og:type" content="article" />
<meta property="og:title" content="9 VOLT NELLY – «Bäng! Bäng! Bäng!» - Kulturbau GmbH" />
<meta property="og:description" content="Show mit 9 Volt Nelly" />
<meta property="og:url" content="https://kulturbau.ch/ws19/veranstaltungen/9-volt-nelly-baeng-baeng-baeng/" />
<meta property="og:site_name" content="Kulturbau GmbH" />
<meta property="article:publisher" content="https://www.facebook.com/kulturbau" />
<meta property="article:modified_time" content="2021-02-02T13:08:12+00:00" />
<meta property="og:image" content="https://kulturbau.ch/ws19/wp-content/uploads/2020/03/Bäng_Flyer_A6.jpg" />
	<meta property="og:image:width" content="412" />
	<meta property="og:image:height" content="585" />
	<meta property="og:image:type" content="image/jpeg" />
<meta name="twitter:card" content="summary_large_image" />
<meta name="twitter:label1" content="Geschätzte Lesezeit" />
	<meta name="twitter:data1" content="1 Minute" />
<script type="application/ld+json" class="yoast-schema-graph">{"@context":"https://schema.org","@graph":[{"@type":"WebPage","@id":"https://kulturbau.ch/ws19/veranstaltungen/9-volt-nelly-baeng-baeng-baeng/","url":"https://kulturbau.ch/ws19/veranstaltungen/9-volt-nelly-baeng-baeng-baeng/","name":"9 VOLT NELLY – «Bäng! Bäng! Bäng!» - Kulturbau GmbH","isPartOf":{"@id":"https://kulturbau.ch/ws19/#website"},"primaryImageOfPage":{"@id":"https://kulturbau.ch/ws19/veranstaltungen/9-volt-nelly-baeng-baeng-baeng/#primaryimage"},"image":{"@id":"https://kulturbau.ch/ws19/veranstaltungen/9-volt-nelly-baeng-baeng-baeng/#primaryimage"},"thumbnailUrl":"https://kulturbau.ch/ws19/wp-content/uploads/2020/03/Bäng_Flyer_A6.jpg","datePublished":"2021-01-15T17:57:31+00:00","dateModified":"2021-02-02T13:08:12+00:00","description":"Show mit 9 Volt Nelly","breadcrumb":{"@id":"https://kulturbau.ch/ws19/veranstaltungen/9-volt-nelly-baeng-baeng-baeng/#breadcrumb"},"inLanguage":"de-CH","potentialAction":[{"@type":"ReadAction","target":["https://kulturbau.ch/ws19/veranstaltungen/9-volt-nelly-baeng-baeng-baeng/"]}]},{"@type":"ImageObject","inLanguage":"de-CH","@id":"https://kulturbau.ch/ws19/veranstaltungen/9-volt-nelly-baeng-baeng-baeng/#primaryimage","url":"https://kulturbau.ch/ws19/wp-content/uploads/2020/03/Bäng_Flyer_A6.jpg","contentUrl":"https://kulturbau.ch/ws19/wp-content/uploads/2020/03/Bäng_Flyer_A6.jpg","width":412,"height":585,"caption":"9 Volt Nelly"},{"@type":"BreadcrumbList","@id":"https://kulturbau.ch/ws19/veranstaltungen/9-volt-nelly-baeng-baeng-baeng/#breadcrumb","itemListElement":[{"@type":"ListItem","position":1,"name":"Home","item":"https://kulturbau.ch/ws19/"},{"@type":"ListItem","position":2,"name":"Events","item":"https://kulturbau.ch/ws19/veranstaltungen/"},{"@type":"ListItem","position":3,"name":"9 VOLT NELLY – «Bäng! Bäng! Bäng!»"}]},{"@type":"WebSite","@id":"https://kulturbau.ch/ws19/#website","url":"https://kulturbau.ch/ws19/","name":"Kulturbau GmbH","description":"Künstlervermittlung &amp; Kulturproduktionen","publisher":{"@id":"https://kulturbau.ch/ws19/#organization"},"potentialAction":[{"@type":"SearchAction","target":{"@type":"EntryPoint","urlTemplate":"https://kulturbau.ch/ws19/?s={search_term_string}"},"query-input":{"@type":"PropertyValueSpecification","valueRequired":true,"valueName":"search_term_string"}}],"inLanguage":"de-CH"},{"@type":"Organization","@id":"https://kulturbau.ch/ws19/#organization","name":"Kulturbau GmbH","url":"https://kulturbau.ch/ws19/","logo":{"@type":"ImageObject","inLanguage":"de-CH","@id":"https://kulturbau.ch/ws19/#/schema/logo/image/","url":"https://kulturbau.ch/ws19/wp-content/uploads/2019/07/kulturbau_logo.gif","contentUrl":"https://kulturbau.ch/ws19/wp-content/uploads/2019/07/kulturbau_logo.gif","width":313,"height":58,"caption":"Kulturbau GmbH"},"image":{"@id":"https://kulturbau.ch/ws19/#/schema/logo/image/"},"sameAs":["https://www.facebook.com/kulturbau","https://www.instagram.com/kulturbau_agentur/"]}]}</script>
<!-- / Yoast SEO plugin. -->

9 VOLT NELLY – «Bäng! Bäng! Bäng!» - Kulturbau GmbH

https://kulturbau.ch/ws19/wp-content/uploads/2020/03/Bäng_Flyer_A6.jpg

Künstlervermittlung &amp; Kulturproduktionen
